Last updated on 2020-01-20 01:50:23 CET.
Flavor | Version | Tinstall | Tcheck | Ttotal | Status | Flags |
---|---|---|---|---|---|---|
r-devel-linux-x86_64-debian-clang | 0.9.7 | 12.07 | 82.04 | 94.11 | NOTE | |
r-devel-linux-x86_64-debian-gcc | 0.9.7 | 10.87 | 62.01 | 72.88 | NOTE | |
r-devel-linux-x86_64-fedora-clang | 0.9.7 | 114.68 | NOTE | |||
r-devel-linux-x86_64-fedora-gcc | 0.9.7 | 118.72 | NOTE | |||
r-devel-windows-ix86+x86_64 | 0.9.7 | 44.00 | 139.00 | 183.00 | OK | |
r-devel-windows-ix86+x86_64-gcc8 | 0.9.7 | 28.00 | 152.00 | 180.00 | NOTE | |
r-patched-linux-x86_64 | 0.9.7 | 12.67 | 72.61 | 85.28 | NOTE | |
r-patched-solaris-x86 | 0.9.7 | 160.40 | NOTE | |||
r-release-linux-x86_64 | 0.9.7 | 12.55 | 72.57 | 85.12 | NOTE | |
r-release-windows-ix86+x86_64 | 0.9.7 | 39.00 | 138.00 | 177.00 | OK | |
r-release-osx-x86_64 | 0.9.7 | NOTE | ||||
r-oldrel-windows-ix86+x86_64 | 0.9.7 | 12.00 | 85.00 | 97.00 | OK | |
r-oldrel-osx-x86_64 | 0.9.7 | OK |
Version: 0.9.7
Check: package dependencies
Result: NOTE
Package suggested but not available for checking: 'financial'
Flavors: r-devel-linux-x86_64-debian-clang, r-devel-linux-x86_64-debian-gcc, r-devel-linux-x86_64-fedora-clang, r-devel-linux-x86_64-fedora-gcc, r-devel-windows-ix86+x86_64-gcc8, r-patched-linux-x86_64, r-patched-solaris-x86, r-release-linux-x86_64, r-release-osx-x86_64