Last updated on 2020-01-20 01:50:24 CET.
Flavor | Version | Tinstall | Tcheck | Ttotal | Status | Flags |
---|---|---|---|---|---|---|
r-devel-linux-x86_64-debian-clang | 2.1.12 | 15.46 | 131.80 | 147.26 | NOTE | |
r-devel-linux-x86_64-debian-gcc | 2.1.12 | 12.60 | 98.58 | 111.18 | NOTE | |
r-devel-linux-x86_64-fedora-clang | 2.1.12 | 169.51 | OK | |||
r-devel-linux-x86_64-fedora-gcc | 2.1.12 | 168.88 | OK | |||
r-devel-windows-ix86+x86_64 | 2.1.12 | 40.00 | 201.00 | 241.00 | OK | |
r-devel-windows-ix86+x86_64-gcc8 | 2.1.12 | 27.00 | 201.00 | 228.00 | OK | |
r-patched-linux-x86_64 | 2.1.12 | 12.76 | 115.30 | 128.06 | NOTE | |
r-patched-solaris-x86 | 2.1.12 | 216.40 | NOTE | |||
r-release-linux-x86_64 | 2.1.12 | 13.27 | 114.77 | 128.04 | NOTE | |
r-release-windows-ix86+x86_64 | 2.1.12 | 39.00 | 165.00 | 204.00 | OK | |
r-release-osx-x86_64 | 2.1.12 | NOTE | ||||
r-oldrel-windows-ix86+x86_64 | 2.1.12 | 20.00 | 117.00 | 137.00 | OK | |
r-oldrel-osx-x86_64 | 2.1.12 | NOTE |
Version: 2.1.12
Check: package dependencies
Result: NOTE
Package suggested but not available for checking: 'INLA'
Flavors: r-devel-linux-x86_64-debian-clang, r-devel-linux-x86_64-debian-gcc, r-patched-linux-x86_64, r-patched-solaris-x86, r-release-linux-x86_64, r-release-osx-x86_64, r-oldrel-osx-x86_64
Version: 2.1.12
Check: Rd cross-references
Result: NOTE
Package unavailable to check Rd xrefs: 'INLA'
Flavors: r-devel-linux-x86_64-debian-clang, r-devel-linux-x86_64-debian-gcc, r-patched-linux-x86_64, r-patched-solaris-x86, r-release-linux-x86_64, r-release-osx-x86_64, r-oldrel-osx-x86_64