Last updated on 2020-01-20 01:50:24 CET.
Flavor | Version | Tinstall | Tcheck | Ttotal | Status | Flags |
---|---|---|---|---|---|---|
r-devel-linux-x86_64-debian-clang | 0.8.0 | 11.35 | 188.64 | 199.99 | OK | |
r-devel-linux-x86_64-debian-gcc | 0.8.0 | 10.59 | 141.14 | 151.73 | OK | |
r-devel-linux-x86_64-fedora-clang | 0.8.0 | 232.78 | OK | |||
r-devel-linux-x86_64-fedora-gcc | 0.8.0 | 237.40 | OK | |||
r-devel-windows-ix86+x86_64 | 0.8.0 | 29.00 | 261.00 | 290.00 | OK | |
r-devel-windows-ix86+x86_64-gcc8 | 0.8.0 | 25.00 | 267.00 | 292.00 | OK | |
r-patched-linux-x86_64 | 0.8.0 | 11.37 | 165.04 | 176.41 | OK | |
r-patched-solaris-x86 | 0.8.0 | 303.40 | NOTE | |||
r-release-linux-x86_64 | 0.8.0 | 10.19 | 164.38 | 174.57 | OK | |
r-release-windows-ix86+x86_64 | 0.8.0 | 25.00 | 252.00 | 277.00 | OK | |
r-release-osx-x86_64 | 0.8.0 | OK | ||||
r-oldrel-windows-ix86+x86_64 | 0.8.0 | 17.00 | 183.00 | 200.00 | OK | |
r-oldrel-osx-x86_64 | 0.8.0 | OK |
Version: 0.8.0
Check: package dependencies
Result: NOTE
Package suggested but not available for checking: ‘rstanarm’
Flavor: r-patched-solaris-x86