CRAN Package Check Results for Package intcensROC

Last updated on 2020-01-20 01:50:24 CET.

Flavor Version Tinstall Tcheck Ttotal Status Flags
r-devel-linux-x86_64-debian-clang 0.1.1 56.73 33.93 90.66 OK
r-devel-linux-x86_64-debian-gcc 0.1.1 40.48 28.31 68.79 OK
r-devel-linux-x86_64-fedora-clang 0.1.1 129.54 NOTE
r-devel-linux-x86_64-fedora-gcc 0.1.1 122.91 OK
r-devel-windows-ix86+x86_64 0.1.1 133.00 99.00 232.00 OK
r-devel-windows-ix86+x86_64-gcc8 0.1.1 110.00 100.00 210.00 OK
r-patched-linux-x86_64 0.1.1 45.27 32.57 77.84 OK
r-patched-solaris-x86 0.1.1 110.70 OK
r-release-linux-x86_64 0.1.1 44.91 32.60 77.51 OK
r-release-windows-ix86+x86_64 0.1.1 133.00 72.00 205.00 OK
r-release-osx-x86_64 0.1.1 NOTE
r-oldrel-windows-ix86+x86_64 0.1.1 84.00 65.00 149.00 OK
r-oldrel-osx-x86_64 0.1.1 NOTE

Check Details

Version: 0.1.1
Check: installed package size
Result: NOTE
     installed size is 10.5Mb
     sub-directories of 1Mb or more:
     libs 10.2Mb
Flavors: r-devel-linux-x86_64-fedora-clang, r-release-osx-x86_64, r-oldrel-osx-x86_64