Last updated on 2020-01-20 01:50:24 CET.
Flavor | Version | Tinstall | Tcheck | Ttotal | Status | Flags |
---|---|---|---|---|---|---|
r-devel-linux-x86_64-debian-clang | 1.3.0 | 17.00 | 87.62 | 104.62 | OK | |
r-devel-linux-x86_64-debian-gcc | 1.3.0 | 14.12 | 64.89 | 79.01 | OK | |
r-devel-linux-x86_64-fedora-clang | 1.3.0 | 131.04 | OK | |||
r-devel-linux-x86_64-fedora-gcc | 1.3.0 | 128.65 | OK | |||
r-devel-windows-ix86+x86_64 | 1.3.0 | 36.00 | 89.00 | 125.00 | OK | |
r-devel-windows-ix86+x86_64-gcc8 | 1.3.0 | 29.00 | 158.00 | 187.00 | OK | |
r-patched-linux-x86_64 | 1.3.0 | 15.08 | 75.84 | 90.92 | OK | |
r-patched-solaris-x86 | 1.3.0 | 162.80 | OK | |||
r-release-linux-x86_64 | 1.3.0 | 14.47 | 76.49 | 90.96 | OK | |
r-release-windows-ix86+x86_64 | 1.3.0 | 35.00 | 115.00 | 150.00 | OK | |
r-release-osx-x86_64 | 1.3.0 | OK | ||||
r-oldrel-windows-ix86+x86_64 | 1.2.0 | 18.00 | 125.00 | 143.00 | OK | |
r-oldrel-osx-x86_64 | 1.3.0 | ERROR |
Version: 1.3.0
Check: whether package can be installed
Result: ERROR
Installation failed.
Flavor: r-oldrel-osx-x86_64