Last updated on 2020-01-20 01:50:24 CET.
Flavor | Version | Tinstall | Tcheck | Ttotal | Status | Flags |
---|---|---|---|---|---|---|
r-devel-linux-x86_64-debian-clang | 0.2.0 | 72.40 | 53.20 | 125.60 | OK | |
r-devel-linux-x86_64-debian-gcc | 0.2.0 | 59.49 | 40.99 | 100.48 | OK | |
r-devel-linux-x86_64-fedora-clang | 0.2.0 | 216.26 | NOTE | |||
r-devel-linux-x86_64-fedora-gcc | 0.2.0 | 176.43 | OK | |||
r-devel-windows-ix86+x86_64 | 0.2.0 | 190.00 | 128.00 | 318.00 | OK | |
r-devel-windows-ix86+x86_64-gcc8 | 0.2.0 | 155.00 | 143.00 | 298.00 | NOTE | |
r-patched-linux-x86_64 | 0.2.0 | 63.29 | 48.59 | 111.88 | OK | |
r-patched-solaris-x86 | 0.2.0 | 135.50 | OK | |||
r-release-linux-x86_64 | 0.2.0 | 64.39 | 48.25 | 112.64 | OK | |
r-release-windows-ix86+x86_64 | 0.2.0 | 197.00 | 115.00 | 312.00 | OK | |
r-release-osx-x86_64 | 0.2.0 | NOTE | ||||
r-oldrel-windows-ix86+x86_64 | 0.2.0 | 141.00 | 82.00 | 223.00 | OK | |
r-oldrel-osx-x86_64 | 0.2.0 | NOTE |
Version: 0.2.0
Check: installed package size
Result: NOTE
installed size is 9.6Mb
sub-directories of 1Mb or more:
doc 1.1Mb
libs 7.3Mb
Flavors: r-devel-linux-x86_64-fedora-clang, r-devel-windows-ix86+x86_64-gcc8, r-release-osx-x86_64, r-oldrel-osx-x86_64