Last updated on 2020-01-20 01:50:24 CET.
Flavor | Version | Tinstall | Tcheck | Ttotal | Status | Flags |
---|---|---|---|---|---|---|
r-devel-linux-x86_64-debian-clang | 0.1.5 | 3.33 | 23.06 | 26.39 | OK | |
r-devel-linux-x86_64-debian-gcc | 0.1.5 | 2.87 | 18.33 | 21.20 | OK | |
r-devel-linux-x86_64-fedora-clang | 0.1.5 | 33.24 | NOTE | |||
r-devel-linux-x86_64-fedora-gcc | 0.1.5 | 30.94 | NOTE | |||
r-devel-windows-ix86+x86_64 | 0.1.5 | 9.00 | 39.00 | 48.00 | OK | |
r-devel-windows-ix86+x86_64-gcc8 | 0.1.5 | 7.00 | 54.00 | 61.00 | OK | |
r-patched-linux-x86_64 | 0.1.5 | 2.79 | 21.27 | 24.06 | OK | |
r-patched-solaris-x86 | 0.1.5 | 44.80 | NOTE | |||
r-release-linux-x86_64 | 0.1.5 | 2.74 | 21.29 | 24.03 | OK | |
r-release-windows-ix86+x86_64 | 0.1.5 | 16.00 | 50.00 | 66.00 | OK | |
r-release-osx-x86_64 | 0.1.5 | NOTE | ||||
r-oldrel-windows-ix86+x86_64 | 0.1.5 | 3.00 | 34.00 | 37.00 | OK | |
r-oldrel-osx-x86_64 | 0.1.5 | NOTE |
Version: 0.1.5
Check: data for non-ASCII characters
Result: NOTE
Note: found 1 marked UTF-8 string
Flavors: r-devel-linux-x86_64-fedora-clang, r-devel-linux-x86_64-fedora-gcc, r-patched-solaris-x86, r-release-osx-x86_64, r-oldrel-osx-x86_64