CRAN Package Check Results for Package jpndistrict

Last updated on 2020-01-20 01:50:24 CET.

Flavor Version Tinstall Tcheck Ttotal Status Flags
r-devel-linux-x86_64-debian-clang 0.3.4 8.50 137.95 146.45 OK
r-devel-linux-x86_64-debian-gcc 0.3.4 7.05 103.59 110.64 OK
r-devel-linux-x86_64-fedora-clang 0.3.4 174.78 NOTE
r-devel-linux-x86_64-fedora-gcc 0.3.4 168.10 NOTE
r-devel-windows-ix86+x86_64 0.3.4 27.00 208.00 235.00 OK
r-devel-windows-ix86+x86_64-gcc8 0.3.4 22.00 209.00 231.00 OK
r-patched-linux-x86_64 0.3.4 6.91 122.16 129.07 OK
r-patched-solaris-x86 0.3.4 234.70 NOTE
r-release-linux-x86_64 0.3.4 7.30 123.49 130.79 OK
r-release-windows-ix86+x86_64 0.3.4 26.00 186.00 212.00 OK
r-release-osx-x86_64 0.3.4 NOTE
r-oldrel-windows-ix86+x86_64 0.3.4 8.00 147.00 155.00 OK
r-oldrel-osx-x86_64 0.3.4 NOTE

Check Details

Version: 0.3.4
Check: data for non-ASCII characters
Result: NOTE
     Note: found 188 marked UTF-8 strings
Flavors: r-devel-linux-x86_64-fedora-clang, r-devel-linux-x86_64-fedora-gcc, r-patched-solaris-x86, r-release-osx-x86_64, r-oldrel-osx-x86_64