Last updated on 2020-01-20 01:50:25 CET.
Flavor | Version | Tinstall | Tcheck | Ttotal | Status | Flags |
---|---|---|---|---|---|---|
r-devel-linux-x86_64-debian-clang | 0.6-29 | 7.92 | 86.25 | 94.17 | OK | |
r-devel-linux-x86_64-debian-gcc | 0.6-29 | 5.62 | 64.11 | 69.73 | OK | |
r-devel-linux-x86_64-fedora-clang | 0.6-29 | 108.02 | OK | |||
r-devel-linux-x86_64-fedora-gcc | 0.6-29 | 103.97 | OK | |||
r-devel-windows-ix86+x86_64 | 0.6-29 | 22.00 | 97.00 | 119.00 | OK | |
r-devel-windows-ix86+x86_64-gcc8 | 0.6-29 | 13.00 | 150.00 | 163.00 | OK | |
r-patched-linux-x86_64 | 0.6-29 | 6.27 | 75.55 | 81.82 | OK | |
r-patched-solaris-x86 | 0.6-29 | 135.50 | OK | |||
r-release-linux-x86_64 | 0.6-29 | 6.70 | 74.98 | 81.68 | OK | |
r-release-windows-ix86+x86_64 | 0.6-29 | 20.00 | 89.00 | 109.00 | OK | |
r-release-osx-x86_64 | 0.6-29 | OK | ||||
r-oldrel-windows-ix86+x86_64 | 0.6-28 | 10.00 | 115.00 | 125.00 | OK | |
r-oldrel-osx-x86_64 | 0.6-29 | ERROR |
Version: 0.6-29
Check: whether package can be installed
Result: ERROR
Installation failed.
Flavor: r-oldrel-osx-x86_64