Last updated on 2020-01-20 01:50:25 CET.
Flavor | Version | Tinstall | Tcheck | Ttotal | Status | Flags |
---|---|---|---|---|---|---|
r-devel-linux-x86_64-debian-clang | 2019-11.26 | 26.56 | 71.15 | 97.71 | OK | |
r-devel-linux-x86_64-debian-gcc | 2019-11.26 | 20.64 | 50.65 | 71.29 | OK | |
r-devel-linux-x86_64-fedora-clang | 2019-11.26 | 115.91 | OK | |||
r-devel-linux-x86_64-fedora-gcc | 2019-11.26 | 108.97 | OK | |||
r-devel-windows-ix86+x86_64 | 2019-11.26 | 73.00 | 150.00 | 223.00 | OK | |
r-devel-windows-ix86+x86_64-gcc8 | 2019-11.26 | 57.00 | 158.00 | 215.00 | OK | |
r-patched-linux-x86_64 | 2019-11.26 | 23.37 | 64.50 | 87.87 | OK | |
r-patched-solaris-x86 | 2019-11.26 | 151.90 | OK | |||
r-release-linux-x86_64 | 2019-11.26 | 22.20 | 63.12 | 85.32 | OK | |
r-release-windows-ix86+x86_64 | 2019-11.26 | 72.00 | 137.00 | 209.00 | OK | |
r-release-osx-x86_64 | 2019-11.26 | OK | ||||
r-oldrel-windows-ix86+x86_64 | 2019-11.26 | 49.00 | 95.00 | 144.00 | OK | |
r-oldrel-osx-x86_64 | 2019-11.26 | WARN |
Version: 2019-11.26
Check: re-building of vignette outputs
Result: WARN
Error in re-building vignettes:
...
Warning in engine$weave(file, quiet = quiet, encoding = enc) :
Pandoc (>= 1.12.3) and/or pandoc-citeproc not available. Falling back to R Markdown v1.
Quitting from lines 139-237 (lbfgsb3c.Rmd)
Error: processing vignette 'lbfgsb3c.Rmd' failed with diagnostics:
could not find function "opm"
Execution halted
Flavor: r-oldrel-osx-x86_64