Last updated on 2020-01-20 01:50:25 CET.
Flavor | Version | Tinstall | Tcheck | Ttotal | Status | Flags |
---|---|---|---|---|---|---|
r-devel-linux-x86_64-debian-clang | 0.1.0 | 2.32 | 21.35 | 23.67 | OK | |
r-devel-linux-x86_64-debian-gcc | 0.1.0 | 1.58 | 16.63 | 18.21 | OK | |
r-devel-linux-x86_64-fedora-clang | 0.1.0 | 28.43 | NOTE | |||
r-devel-linux-x86_64-fedora-gcc | 0.1.0 | 27.38 | NOTE | |||
r-devel-windows-ix86+x86_64 | 0.1.0 | 10.00 | 47.00 | 57.00 | OK | |
r-devel-windows-ix86+x86_64-gcc8 | 0.1.0 | 7.00 | 63.00 | 70.00 | OK | |
r-patched-linux-x86_64 | 0.1.0 | 1.56 | 18.82 | 20.38 | OK | |
r-patched-solaris-x86 | 0.1.0 | 40.90 | NOTE | |||
r-release-linux-x86_64 | 0.1.0 | 1.78 | 19.14 | 20.92 | OK | |
r-release-windows-ix86+x86_64 | 0.1.0 | 9.00 | 43.00 | 52.00 | OK | |
r-release-osx-x86_64 | 0.1.0 | NOTE | ||||
r-oldrel-windows-ix86+x86_64 | 0.1.0 | 3.00 | 31.00 | 34.00 | OK | |
r-oldrel-osx-x86_64 | 0.1.0 | NOTE |
Version: 0.1.0
Check: dependencies in R code
Result: NOTE
Namespaces in Imports field not imported from:
‘dplyr’ ‘htmlwidgets’ ‘jsonlite’ ‘sf’
All declared Imports should be used.
Flavors: r-devel-linux-x86_64-fedora-clang, r-devel-linux-x86_64-fedora-gcc, r-patched-solaris-x86, r-release-osx-x86_64, r-oldrel-osx-x86_64