CRAN Package Check Results for Package likeLTD

Last updated on 2020-01-20 01:50:25 CET.

Flavor Version Tinstall Tcheck Ttotal Status Flags
r-devel-linux-x86_64-debian-clang 6.3.0 27.93 115.27 143.20 OK
r-devel-linux-x86_64-debian-gcc 6.3.0 20.03 83.23 103.26 OK
r-devel-linux-x86_64-fedora-clang 6.3.0 178.51 OK
r-devel-linux-x86_64-fedora-gcc 6.3.0 163.70 OK
r-devel-windows-ix86+x86_64 6.3.0 68.00 128.00 196.00 OK
r-devel-windows-ix86+x86_64-gcc8 6.3.0 44.00 198.00 242.00 OK
r-patched-linux-x86_64 6.3.0 21.94 99.60 121.54 OK
r-patched-solaris-x86 6.3.0 193.30 OK
r-release-linux-x86_64 6.3.0 22.68 100.75 123.43 OK
r-release-windows-ix86+x86_64 6.3.0 64.00 180.00 244.00 OK
r-release-osx-x86_64 6.3.0 FAIL
r-oldrel-windows-ix86+x86_64 6.3.0 36.00 110.00 146.00 OK
r-oldrel-osx-x86_64 6.3.0 OK

Check Details

Version: 6.3.0
Check: whether package can be installed
Result: FAIL
Flavor: r-release-osx-x86_64