CRAN Package Check Results for Package lillies

Last updated on 2020-01-20 01:50:25 CET.

Flavor Version Tinstall Tcheck Ttotal Status Flags
r-devel-linux-x86_64-debian-clang 0.2.5 5.17 68.67 73.84 OK
r-devel-linux-x86_64-debian-gcc 0.2.5 4.21 52.03 56.24 OK
r-devel-linux-x86_64-fedora-clang 0.2.5 91.07 NOTE
r-devel-linux-x86_64-fedora-gcc 0.2.5 86.26 NOTE
r-devel-windows-ix86+x86_64 0.2.5 13.00 111.00 124.00 OK
r-devel-windows-ix86+x86_64-gcc8 0.2.5 13.00 112.00 125.00 OK
r-patched-linux-x86_64 0.2.5 3.73 63.30 67.03 OK
r-patched-solaris-x86 0.2.5 116.60 NOTE
r-release-linux-x86_64 0.2.5 4.20 63.44 67.64 OK
r-release-windows-ix86+x86_64 0.2.5 13.00 108.00 121.00 OK
r-release-osx-x86_64 0.2.5 NOTE
r-oldrel-windows-ix86+x86_64 0.2.5 5.00 73.00 78.00 OK
r-oldrel-osx-x86_64 0.2.5 NOTE

Check Details

Version: 0.2.5
Check: dependencies in R code
Result: NOTE
    Namespace in Imports field not imported from: ‘ddpcr’
     All declared Imports should be used.
Flavors: r-devel-linux-x86_64-fedora-clang, r-devel-linux-x86_64-fedora-gcc, r-patched-solaris-x86, r-release-osx-x86_64, r-oldrel-osx-x86_64