Last updated on 2020-01-20 01:50:25 CET.
Flavor | Version | Tinstall | Tcheck | Ttotal | Status | Flags |
---|---|---|---|---|---|---|
r-devel-linux-x86_64-debian-clang | 2.0.0 | 9.25 | 75.53 | 84.78 | OK | |
r-devel-linux-x86_64-debian-gcc | 2.0.0 | 6.93 | 58.32 | 65.25 | OK | |
r-devel-linux-x86_64-fedora-clang | 2.0.0 | 101.84 | NOTE | |||
r-devel-linux-x86_64-fedora-gcc | 2.0.0 | 98.08 | NOTE | |||
r-devel-windows-ix86+x86_64 | 2.0.0 | 20.00 | 129.00 | 149.00 | OK | |
r-devel-windows-ix86+x86_64-gcc8 | 2.0.0 | 18.00 | 139.00 | 157.00 | OK | |
r-patched-linux-x86_64 | 2.0.0 | 8.67 | 66.89 | 75.56 | OK | |
r-patched-solaris-x86 | 2.0.0 | 108.70 | NOTE | |||
r-release-linux-x86_64 | 2.0.0 | 9.66 | 67.06 | 76.72 | OK | |
r-release-windows-ix86+x86_64 | 2.0.0 | 22.00 | 126.00 | 148.00 | OK | |
r-release-osx-x86_64 | 2.0.0 | NOTE | ||||
r-oldrel-windows-ix86+x86_64 | 2.0.0 | 10.00 | 80.00 | 90.00 | OK | |
r-oldrel-osx-x86_64 | 2.0.0 | NOTE |
Version: 2.0.0
Check: dependencies in R code
Result: NOTE
Namespace in Imports field not imported from: ‘stringdist’
All declared Imports should be used.
Flavors: r-devel-linux-x86_64-fedora-clang, r-devel-linux-x86_64-fedora-gcc, r-patched-solaris-x86, r-release-osx-x86_64, r-oldrel-osx-x86_64