CRAN Package Check Results for Package liquidSVM

Last updated on 2020-01-20 01:50:25 CET.

Flavor Version Tinstall Tcheck Ttotal Status Flags
r-devel-linux-x86_64-debian-clang 1.2.4 56.43 66.30 122.73 OK
r-devel-linux-x86_64-debian-gcc 1.2.4 56.42 53.87 110.29 OK
r-devel-linux-x86_64-fedora-clang 1.2.4 163.63 NOTE
r-devel-linux-x86_64-fedora-gcc 1.2.4 191.93 NOTE
r-devel-windows-ix86+x86_64 1.2.4 129.00 102.00 231.00 NOTE --no-vignettes
r-devel-windows-ix86+x86_64-gcc8 1.2.4 109.00 124.00 233.00 NOTE --no-vignettes
r-patched-linux-x86_64 1.2.4 47.63 63.09 110.72 OK
r-patched-solaris-x86 1.2.4 253.70 NOTE
r-release-linux-x86_64 1.2.4 48.29 63.04 111.33 OK
r-release-windows-ix86+x86_64 1.2.4 123.00 105.00 228.00 NOTE --no-vignettes
r-release-osx-x86_64 1.2.4 NOTE
r-oldrel-windows-ix86+x86_64 1.2.4 99.00 120.00 219.00 NOTE --no-vignettes
r-oldrel-osx-x86_64 1.2.4 NOTE

Check Details

Version: 1.2.4
Check: installed package size
Result: NOTE
     installed size is 12.3Mb
     sub-directories of 1Mb or more:
     doc 2.2Mb
     libs 9.3Mb
Flavors: r-devel-linux-x86_64-fedora-clang, r-patched-solaris-x86, r-release-osx-x86_64, r-oldrel-osx-x86_64

Version: 1.2.4
Check: top-level files
Result: NOTE
    ‘configure’: /bin/bash is not portable
Flavors: r-devel-linux-x86_64-fedora-clang, r-devel-linux-x86_64-fedora-gcc

Version: 1.2.4
Flags: --no-vignettes
Check: installed package size
Result: NOTE
     installed size is 5.9Mb
     sub-directories of 1Mb or more:
     doc 2.2Mb
     libs 3.0Mb
Flavors: r-devel-windows-ix86+x86_64, r-devel-windows-ix86+x86_64-gcc8, r-release-windows-ix86+x86_64, r-oldrel-windows-ix86+x86_64