Last updated on 2020-01-20 01:50:25 CET.
Flavor | Version | Tinstall | Tcheck | Ttotal | Status | Flags |
---|---|---|---|---|---|---|
r-devel-linux-x86_64-debian-clang | 2.3.0 | 16.79 | 21.10 | 37.89 | OK | |
r-devel-linux-x86_64-debian-gcc | 2.3.0 | 12.51 | 16.97 | 29.48 | OK | |
r-devel-linux-x86_64-fedora-clang | 2.3.0 | 46.60 | NOTE | |||
r-devel-linux-x86_64-fedora-gcc | 2.3.0 | 44.96 | OK | |||
r-devel-windows-ix86+x86_64 | 2.3.0 | 87.00 | 32.00 | 119.00 | NOTE | |
r-devel-windows-ix86+x86_64-gcc8 | 2.3.0 | 66.00 | 51.00 | 117.00 | NOTE | |
r-patched-linux-x86_64 | 2.3.0 | 15.41 | 19.85 | 35.26 | OK | |
r-patched-solaris-x86 | 2.3.0 | 65.30 | NOTE | |||
r-release-linux-x86_64 | 2.3.0 | 15.83 | 20.04 | 35.87 | OK | |
r-release-windows-ix86+x86_64 | 2.3.0 | 84.00 | 33.00 | 117.00 | NOTE | |
r-release-osx-x86_64 | 2.3.0 | NOTE | ||||
r-oldrel-windows-ix86+x86_64 | 2.3.0 | 64.00 | 46.00 | 110.00 | NOTE | |
r-oldrel-osx-x86_64 | 2.3.0 | NOTE |
Version: 2.3.0
Check: installed package size
Result: NOTE
installed size is 33.5Mb
sub-directories of 1Mb or more:
mapdata 33.4Mb
Flavors: r-devel-linux-x86_64-fedora-clang, r-devel-windows-ix86+x86_64, r-devel-windows-ix86+x86_64-gcc8, r-patched-solaris-x86, r-release-windows-ix86+x86_64, r-release-osx-x86_64, r-oldrel-windows-ix86+x86_64, r-oldrel-osx-x86_64