CRAN Package Check Results for Package maps

Last updated on 2020-01-20 01:50:25 CET.

Flavor Version Tinstall Tcheck Ttotal Status Flags
r-devel-linux-x86_64-debian-clang 3.3.0 8.21 34.99 43.20 OK
r-devel-linux-x86_64-debian-gcc 3.3.0 6.06 27.43 33.49 OK
r-devel-linux-x86_64-fedora-clang 3.3.0 54.79 OK
r-devel-linux-x86_64-fedora-gcc 3.3.0 52.37 OK
r-devel-windows-ix86+x86_64 3.3.0 57.00 67.00 124.00 OK
r-devel-windows-ix86+x86_64-gcc8 3.3.0 38.00 89.00 127.00 OK
r-patched-linux-x86_64 3.3.0 6.89 32.38 39.27 OK
r-patched-solaris-x86 3.3.0 75.50 NOTE
r-release-linux-x86_64 3.3.0 7.70 32.38 40.08 OK
r-release-windows-ix86+x86_64 3.3.0 61.00 58.00 119.00 OK
r-release-osx-x86_64 3.3.0 OK
r-oldrel-windows-ix86+x86_64 3.3.0 51.00 59.00 110.00 OK
r-oldrel-osx-x86_64 3.3.0 OK

Check Details

Version: 3.3.0
Check: installed package size
Result: NOTE
     installed size is 5.3Mb
     sub-directories of 1Mb or more:
     mapdata 4.2Mb
Flavor: r-patched-solaris-x86