CRAN Package Check Results for Package mazeGen

Last updated on 2020-01-20 01:50:26 CET.

Flavor Version Tinstall Tcheck Ttotal Status Flags
r-devel-linux-x86_64-debian-clang 0.1.3 4.64 35.51 40.15 NOTE
r-devel-linux-x86_64-debian-gcc 0.1.3 4.19 27.79 31.98 NOTE
r-devel-linux-x86_64-fedora-clang 0.1.3 49.28 NOTE
r-devel-linux-x86_64-fedora-gcc 0.1.3 47.29 NOTE
r-devel-windows-ix86+x86_64 0.1.3 17.00 53.00 70.00 OK
r-devel-windows-ix86+x86_64-gcc8 0.1.3 10.00 78.00 88.00 OK
r-patched-linux-x86_64 0.1.3 3.40 32.48 35.88 OK
r-patched-solaris-x86 0.1.3 63.20 OK
r-release-linux-x86_64 0.1.3 4.17 32.60 36.77 OK
r-release-windows-ix86+x86_64 0.1.3 13.00 47.00 60.00 OK
r-release-osx-x86_64 0.1.3 OK
r-oldrel-windows-ix86+x86_64 0.1.3 7.00 71.00 78.00 OK
r-oldrel-osx-x86_64 0.1.3 OK

Check Details

Version: 0.1.3
Check: for non-standard things in the check directory
Result: NOTE
    Found the following files/directories:
     'map_5.png' 'maze_5.html'
Flavors: r-devel-linux-x86_64-debian-clang, r-devel-linux-x86_64-debian-gcc, r-devel-linux-x86_64-fedora-clang, r-devel-linux-x86_64-fedora-gcc