CRAN Package Check Results for Package mdpeer

Last updated on 2020-01-20 01:50:26 CET.

Flavor Version Tinstall Tcheck Ttotal Status Flags
r-devel-linux-x86_64-debian-clang 1.0.1 4.55 58.61 63.16 OK
r-devel-linux-x86_64-debian-gcc 1.0.1 3.87 44.28 48.15 OK
r-devel-linux-x86_64-fedora-clang 1.0.1 76.90 NOTE
r-devel-linux-x86_64-fedora-gcc 1.0.1 74.74 NOTE
r-devel-windows-ix86+x86_64 1.0.1 24.00 96.00 120.00 OK
r-devel-windows-ix86+x86_64-gcc8 1.0.1 15.00 119.00 134.00 OK
r-patched-linux-x86_64 1.0.1 4.11 51.44 55.55 OK
r-patched-solaris-x86 1.0.1 104.30 NOTE
r-release-linux-x86_64 1.0.1 3.80 51.46 55.26 OK
r-release-windows-ix86+x86_64 1.0.1 20.00 99.00 119.00 OK
r-release-osx-x86_64 1.0.1 NOTE
r-oldrel-windows-ix86+x86_64 1.0.1 6.00 63.00 69.00 OK
r-oldrel-osx-x86_64 1.0.1 NOTE

Check Details

Version: 1.0.1
Check: dependencies in R code
Result: NOTE
    Namespace in Imports field not imported from: ‘glmnet’
     All declared Imports should be used.
Flavors: r-devel-linux-x86_64-fedora-clang, r-devel-linux-x86_64-fedora-gcc, r-patched-solaris-x86, r-release-osx-x86_64, r-oldrel-osx-x86_64