CRAN Package Check Results for Package merTools

Last updated on 2020-01-20 01:50:26 CET.

Flavor Version Tinstall Tcheck Ttotal Status Flags
r-devel-linux-x86_64-debian-clang 0.5.0 14.57 820.42 834.99 OK
r-devel-linux-x86_64-debian-gcc 0.5.0 11.97 592.98 604.95 OK
r-devel-linux-x86_64-fedora-clang 0.5.0 973.15 OK
r-devel-linux-x86_64-fedora-gcc 0.5.0 989.70 OK
r-devel-windows-ix86+x86_64 0.5.0 53.00 455.00 508.00 OK --no-vignettes
r-devel-windows-ix86+x86_64-gcc8 0.5.0 31.00 574.00 605.00 OK --no-vignettes
r-patched-linux-x86_64 0.5.0 11.23 736.19 747.42 OK
r-patched-solaris-x86 0.5.0 1596.50 NOTE
r-release-linux-x86_64 0.5.0 11.16 735.12 746.28 OK
r-release-windows-ix86+x86_64 0.5.0 34.00 423.00 457.00 OK --no-vignettes
r-release-osx-x86_64 0.5.0 OK
r-oldrel-windows-ix86+x86_64 0.5.0 17.00 534.00 551.00 OK --no-vignettes
r-oldrel-osx-x86_64 0.5.0 OK

Check Details

Version: 0.5.0
Check: package dependencies
Result: NOTE
    Package suggested but not available for checking: ‘rstanarm’
Flavor: r-patched-solaris-x86