Last updated on 2020-01-20 01:50:26 CET.
Flavor | Version | Tinstall | Tcheck | Ttotal | Status | Flags |
---|---|---|---|---|---|---|
r-devel-linux-x86_64-debian-clang | 1.2.3 | 5.21 | 50.24 | 55.45 | OK | |
r-devel-linux-x86_64-debian-gcc | 1.2.3 | 4.53 | 39.96 | 44.49 | OK | |
r-devel-linux-x86_64-fedora-clang | 1.2.3 | 66.49 | NOTE | |||
r-devel-linux-x86_64-fedora-gcc | 1.2.3 | 69.77 | NOTE | |||
r-devel-windows-ix86+x86_64 | 1.2.3 | 18.00 | 88.00 | 106.00 | OK | |
r-devel-windows-ix86+x86_64-gcc8 | 1.2.3 | 14.00 | 96.00 | 110.00 | OK | |
r-patched-linux-x86_64 | 1.2.3 | 4.71 | 46.42 | 51.13 | OK | |
r-patched-solaris-x86 | 1.2.3 | 98.20 | NOTE | |||
r-release-linux-x86_64 | 1.2.3 | 5.02 | 45.27 | 50.29 | OK | |
r-release-windows-ix86+x86_64 | 1.2.3 | 17.00 | 83.00 | 100.00 | OK | |
r-release-osx-x86_64 | 1.2.3 | NOTE | ||||
r-oldrel-windows-ix86+x86_64 | 1.2.3 | 6.00 | 53.00 | 59.00 | OK | |
r-oldrel-osx-x86_64 | 1.2.3 | NOTE |
Version: 1.2.3
Check: dependencies in R code
Result: NOTE
Namespace in Imports field not imported from: ‘grDevices’
All declared Imports should be used.
Flavors: r-devel-linux-x86_64-fedora-clang, r-devel-linux-x86_64-fedora-gcc, r-patched-solaris-x86, r-release-osx-x86_64, r-oldrel-osx-x86_64
Version: 1.2.3
Check: data for non-ASCII characters
Result: NOTE
Note: found 5 marked UTF-8 strings
Flavors: r-devel-linux-x86_64-fedora-clang, r-devel-linux-x86_64-fedora-gcc, r-patched-solaris-x86, r-release-osx-x86_64, r-oldrel-osx-x86_64