Last updated on 2020-01-20 01:50:26 CET.
Flavor | Version | Tinstall | Tcheck | Ttotal | Status | Flags |
---|---|---|---|---|---|---|
r-devel-linux-x86_64-debian-clang | 0.8.3 | 99.32 | 160.24 | 259.56 | OK | |
r-devel-linux-x86_64-debian-gcc | 0.8.3 | 73.64 | 122.90 | 196.54 | OK | |
r-devel-linux-x86_64-fedora-clang | 0.8.3 | 341.56 | NOTE | |||
r-devel-linux-x86_64-fedora-gcc | 0.8.3 | 317.51 | OK | |||
r-devel-windows-ix86+x86_64 | 0.8.3 | 252.00 | 305.00 | 557.00 | OK | |
r-devel-windows-ix86+x86_64-gcc8 | 0.8.3 | 212.00 | 316.00 | 528.00 | OK | |
r-patched-linux-x86_64 | 0.8.3 | 80.08 | 138.73 | 218.81 | OK | |
r-patched-solaris-x86 | 0.8.3 | 368.40 | OK | |||
r-release-linux-x86_64 | 0.8.3 | 83.73 | 140.03 | 223.76 | OK | |
r-release-windows-ix86+x86_64 | 0.8.3 | 252.00 | 221.00 | 473.00 | OK | |
r-release-osx-x86_64 | 0.8.3 | NOTE | ||||
r-oldrel-windows-ix86+x86_64 | 0.8.3 | 140.00 | 190.00 | 330.00 | OK | |
r-oldrel-osx-x86_64 | 0.8.3 | OK |
Version: 0.8.3
Check: installed package size
Result: NOTE
installed size is 5.7Mb
sub-directories of 1Mb or more:
libs 3.7Mb
Flavors: r-devel-linux-x86_64-fedora-clang, r-release-osx-x86_64