Last updated on 2020-01-20 01:50:26 CET.
Flavor | Version | Tinstall | Tcheck | Ttotal | Status | Flags |
---|---|---|---|---|---|---|
r-devel-linux-x86_64-debian-clang | 1.0-2 | 64.05 | 27.54 | 91.59 | OK | |
r-devel-linux-x86_64-debian-gcc | 1.0-2 | 50.88 | 24.02 | 74.90 | OK | |
r-devel-linux-x86_64-fedora-clang | 1.0-2 | 129.28 | NOTE | |||
r-devel-linux-x86_64-fedora-gcc | 1.0-2 | 131.81 | OK | |||
r-devel-windows-ix86+x86_64 | 1.0-2 | 141.00 | 68.00 | 209.00 | OK | |
r-devel-windows-ix86+x86_64-gcc8 | 1.0-2 | 114.00 | 95.00 | 209.00 | OK | |
r-patched-linux-x86_64 | 1.0-2 | 56.64 | 27.36 | 84.00 | OK | |
r-patched-solaris-x86 | 1.0-2 | 117.00 | OK | |||
r-release-linux-x86_64 | 1.0-2 | 58.70 | 27.52 | 86.22 | OK | |
r-release-windows-ix86+x86_64 | 1.0-2 | 141.00 | 69.00 | 210.00 | OK | |
r-release-osx-x86_64 | 1.0-2 | NOTE | ||||
r-oldrel-windows-ix86+x86_64 | 1.0-2 | 102.00 | 62.00 | 164.00 | OK | |
r-oldrel-osx-x86_64 | 1.0-2 | NOTE |
Version: 1.0-2
Check: installed package size
Result: NOTE
installed size is 20.4Mb
sub-directories of 1Mb or more:
libs 20.3Mb
Flavors: r-devel-linux-x86_64-fedora-clang, r-release-osx-x86_64, r-oldrel-osx-x86_64