CRAN Package Check Results for Package mirt

Last updated on 2020-01-20 01:50:26 CET.

Flavor Version Tinstall Tcheck Ttotal Status Flags
r-devel-linux-x86_64-debian-clang 1.31 125.18 198.17 323.35 OK
r-devel-linux-x86_64-debian-gcc 1.31 105.97 150.02 255.99 OK
r-devel-linux-x86_64-fedora-clang 1.31 414.07 NOTE
r-devel-linux-x86_64-fedora-gcc 1.31 414.95 OK
r-devel-windows-ix86+x86_64 1.31 285.00 332.00 617.00 OK
r-devel-windows-ix86+x86_64-gcc8 1.31 231.00 350.00 581.00 OK
r-patched-linux-x86_64 1.31 105.53 176.69 282.22 OK
r-patched-solaris-x86 1.31 404.20 OK
r-release-linux-x86_64 1.31 109.94 175.60 285.54 OK
r-release-windows-ix86+x86_64 1.31 284.00 312.00 596.00 OK
r-release-osx-x86_64 1.31 NOTE
r-oldrel-windows-ix86+x86_64 1.31 177.00 187.00 364.00 OK
r-oldrel-osx-x86_64 1.31 NOTE

Check Details

Version: 1.31
Check: installed package size
Result: NOTE
     installed size is 8.9Mb
     sub-directories of 1Mb or more:
     R 1.4Mb
     libs 6.9Mb
Flavors: r-devel-linux-x86_64-fedora-clang, r-release-osx-x86_64, r-oldrel-osx-x86_64