Last updated on 2020-01-20 01:50:26 CET.
Flavor | Version | Tinstall | Tcheck | Ttotal | Status | Flags |
---|---|---|---|---|---|---|
r-devel-linux-x86_64-debian-clang | 0.3 | 26.63 | 219.62 | 246.25 | OK | |
r-devel-linux-x86_64-debian-gcc | 0.3 | 23.73 | 168.19 | 191.92 | OK | |
r-devel-linux-x86_64-fedora-clang | 0.3 | 286.88 | OK | |||
r-devel-linux-x86_64-fedora-gcc | 0.3 | 301.86 | OK | |||
r-devel-windows-ix86+x86_64 | 0.3 | 70.00 | 197.00 | 267.00 | OK | |
r-devel-windows-ix86+x86_64-gcc8 | 0.3 | 26.00 | 7.00 | 33.00 | ERROR | |
r-patched-linux-x86_64 | 0.3 | 22.96 | 187.68 | 210.64 | OK | |
r-patched-solaris-x86 | 0.3 | 393.60 | OK | |||
r-release-linux-x86_64 | 0.3 | 25.73 | 187.65 | 213.38 | OK | |
r-release-windows-ix86+x86_64 | 0.3 | 6.00 | 7.00 | 13.00 | ERROR | |
r-release-osx-x86_64 | 0.3 | WARN | ||||
r-oldrel-windows-ix86+x86_64 | 0.3 | 26.00 | 169.00 | 195.00 | OK | |
r-oldrel-osx-x86_64 | 0.3 | OK |
Version: 0.3
Check: whether package can be installed
Result: ERROR
Installation failed.
Flavors: r-devel-windows-ix86+x86_64-gcc8, r-release-windows-ix86+x86_64
Version: 0.3
Check: whether package can be installed
Result: WARN
Found the following significant warnings:
Warning: package ‘mixOmics’ was built under R version 3.6.1
Flavor: r-release-osx-x86_64