CRAN Package Check Results for Package mknapsack

Last updated on 2020-01-20 01:50:26 CET.

Flavor Version Tinstall Tcheck Ttotal Status Flags
r-devel-linux-x86_64-debian-clang 0.1.0 2.10 87.53 89.63 OK
r-devel-linux-x86_64-debian-gcc 0.1.0 2.00 57.95 59.95 OK
r-devel-linux-x86_64-fedora-clang 0.1.0 86.42 OK
r-devel-linux-x86_64-fedora-gcc 0.1.0 85.99 OK
r-devel-windows-ix86+x86_64 0.1.0 9.00 38.00 47.00 OK
r-devel-windows-ix86+x86_64-gcc8 0.1.0 6.00 55.00 61.00 OK
r-patched-linux-x86_64 0.1.0 1.89 71.43 73.32 OK
r-patched-solaris-x86 0.1.0 51.50 OK
r-release-linux-x86_64 0.1.0 1.72 72.84 74.56 OK
r-release-windows-ix86+x86_64 0.1.0 6.00 54.00 60.00 OK
r-release-osx-x86_64 0.1.0 OK
r-oldrel-windows-ix86+x86_64 0.1.0 2.00 33.00 35.00 OK
r-oldrel-osx-x86_64 0.1.0 NOTE

Check Details

Version: 0.1.0
Check: package dependencies
Result: NOTE
    Packages suggested but not available for checking:
     ‘Rglpk’ ‘ROI.plugin.glpk’
Flavor: r-oldrel-osx-x86_64