CRAN Package Check Results for Package modelsummary

Last updated on 2020-01-20 01:50:27 CET.

Flavor Version Tinstall Tcheck Ttotal Status Flags
r-devel-linux-x86_64-debian-clang 0.1.0 5.61 55.35 60.96 NOTE
r-devel-linux-x86_64-debian-gcc 0.1.0 4.68 43.43 48.11 NOTE
r-devel-linux-x86_64-fedora-clang 0.1.0 76.45 NOTE
r-devel-linux-x86_64-fedora-gcc 0.1.0 72.24 NOTE
r-devel-windows-ix86+x86_64 0.1.0 20.00 89.00 109.00 NOTE
r-devel-windows-ix86+x86_64-gcc8 0.1.0 15.00 105.00 120.00 NOTE
r-patched-linux-x86_64 0.1.0 4.27 49.19 53.46 NOTE
r-patched-solaris-x86 0.1.0 100.50 NOTE
r-release-linux-x86_64 0.1.0 4.63 49.71 54.34 NOTE
r-release-windows-ix86+x86_64 0.1.0 19.00 90.00 109.00 NOTE
r-release-osx-x86_64 0.1.0 NOTE
r-oldrel-windows-ix86+x86_64 0.1.0 6.00 59.00 65.00 NOTE
r-oldrel-osx-x86_64 0.1.0 NOTE

Check Details

Version: 0.1.0
Check: package dependencies
Result: NOTE
    Package suggested but not available for checking: 'gt'
Flavors: r-devel-linux-x86_64-debian-clang, r-devel-linux-x86_64-debian-gcc, r-devel-linux-x86_64-fedora-clang, r-devel-linux-x86_64-fedora-gcc, r-devel-windows-ix86+x86_64, r-devel-windows-ix86+x86_64-gcc8, r-patched-linux-x86_64, r-patched-solaris-x86, r-release-linux-x86_64, r-release-windows-ix86+x86_64, r-release-osx-x86_64, r-oldrel-windows-ix86+x86_64, r-oldrel-osx-x86_64