CRAN Package Check Results for Package mpmi

Last updated on 2020-01-20 01:50:27 CET.

Flavor Version Tinstall Tcheck Ttotal Status Flags
r-devel-linux-x86_64-debian-clang 0.43.1 4.20 33.86 38.06 NOTE
r-devel-linux-x86_64-debian-gcc 0.43.1 3.39 21.55 24.94 NOTE
r-devel-linux-x86_64-fedora-clang 0.43.1 44.16 NOTE
r-devel-linux-x86_64-fedora-gcc 0.43.1 39.13 NOTE
r-devel-windows-ix86+x86_64 0.43.1 19.00 52.00 71.00 OK
r-devel-windows-ix86+x86_64-gcc8 0.43 16.00 77.00 93.00 OK
r-patched-linux-x86_64 0.43 3.58 26.07 29.65 OK
r-patched-solaris-x86 0.43 60.90 OK
r-release-linux-x86_64 0.43 3.25 26.09 29.34 OK
r-release-windows-ix86+x86_64 0.43 25.00 52.00 77.00 OK
r-release-osx-x86_64 0.43 OK
r-oldrel-windows-ix86+x86_64 0.43 12.00 64.00 76.00 OK
r-oldrel-osx-x86_64 0.43 OK

Check Details

Version: 0.43.1
Check: DESCRIPTION meta-information
Result: NOTE
    Dependence on R version '3.6.2' not with patchlevel 0
Flavors: r-devel-linux-x86_64-debian-clang, r-devel-linux-x86_64-debian-gcc, r-devel-linux-x86_64-fedora-clang, r-devel-linux-x86_64-fedora-gcc

Version: 0.43.1
Check: compiled code
Result: NOTE
    File ‘mpmi/libs/mpmi.so’:
     Found no calls to: ‘R_registerRoutines’, ‘R_useDynamicSymbols’
    
    It is good practice to register native routines and to disable symbol
    search.
    
    See ‘Writing portable packages’ in the ‘Writing R Extensions’ manual.
Flavors: r-devel-linux-x86_64-fedora-clang, r-devel-linux-x86_64-fedora-gcc