Last updated on 2020-01-20 01:50:27 CET.
Flavor | Version | Tinstall | Tcheck | Ttotal | Status | Flags |
---|---|---|---|---|---|---|
r-devel-linux-x86_64-debian-clang | 11.2.0 | 10.69 | 38.16 | 48.85 | OK | |
r-devel-linux-x86_64-debian-gcc | 11.2.0 | 8.04 | 31.69 | 39.73 | OK | |
r-devel-linux-x86_64-fedora-clang | 11.2.0 | 59.10 | NOTE | |||
r-devel-linux-x86_64-fedora-gcc | 11.2.0 | 60.24 | NOTE | |||
r-devel-windows-ix86+x86_64 | 11.2.0 | 25.00 | 86.00 | 111.00 | OK | |
r-devel-windows-ix86+x86_64-gcc8 | 11.2.0 | 15.00 | 93.00 | 108.00 | OK | |
r-patched-linux-x86_64 | 11.2.0 | 8.59 | 35.50 | 44.09 | OK | |
r-patched-solaris-x86 | 11.2.0 | 82.50 | NOTE | |||
r-release-linux-x86_64 | 11.2.0 | 8.72 | 35.28 | 44.00 | OK | |
r-release-windows-ix86+x86_64 | 11.2.0 | 24.00 | 71.00 | 95.00 | OK | |
r-release-osx-x86_64 | 11.2.0 | NOTE | ||||
r-oldrel-windows-ix86+x86_64 | 11.2.0 | 11.00 | 49.00 | 60.00 | OK | |
r-oldrel-osx-x86_64 | 11.2.0 | NOTE |
Version: 11.2.0
Check: dependencies in R code
Result: NOTE
Namespace in Imports field not imported from: ‘miniUI’
All declared Imports should be used.
Flavors: r-devel-linux-x86_64-fedora-clang, r-devel-linux-x86_64-fedora-gcc, r-patched-solaris-x86, r-release-osx-x86_64, r-oldrel-osx-x86_64