Last updated on 2020-01-20 01:50:27 CET.
Flavor | Version | Tinstall | Tcheck | Ttotal | Status | Flags |
---|---|---|---|---|---|---|
r-devel-linux-x86_64-debian-clang | 1.2.6.1 | 8.87 | 56.80 | 65.67 | OK | |
r-devel-linux-x86_64-debian-gcc | 1.2.6.1 | 7.06 | 46.44 | 53.50 | OK | |
r-devel-linux-x86_64-fedora-clang | 1.2.6.1 | 77.05 | NOTE | |||
r-devel-linux-x86_64-fedora-gcc | 1.2.6.1 | 75.67 | NOTE | |||
r-devel-windows-ix86+x86_64 | 1.2.6.1 | 25.00 | 85.00 | 110.00 | OK | |
r-devel-windows-ix86+x86_64-gcc8 | 1.2.6.1 | 16.00 | 119.00 | 135.00 | OK | |
r-patched-linux-x86_64 | 1.2.6.1 | 7.57 | 50.51 | 58.08 | OK | |
r-patched-solaris-x86 | 1.2.6.1 | 111.10 | OK | |||
r-release-linux-x86_64 | 1.2.6.1 | 6.64 | 50.22 | 56.86 | OK | |
r-release-windows-ix86+x86_64 | 1.2.6.1 | 21.00 | 77.00 | 98.00 | OK | |
r-release-osx-x86_64 | 1.2.6.1 | OK | ||||
r-oldrel-windows-ix86+x86_64 | 1.2.6.1 | 11.00 | 96.00 | 107.00 | OK | |
r-oldrel-osx-x86_64 | 1.2.6.1 | OK |
Version: 1.2.6.1
Check: compiled code
Result: NOTE
File ‘muhaz/libs/muhaz.so’:
Found no calls to: ‘R_registerRoutines’, ‘R_useDynamicSymbols’
It is good practice to register native routines and to disable symbol
search.
See ‘Writing portable packages’ in the ‘Writing R Extensions’ manual.
Flavors: r-devel-linux-x86_64-fedora-clang, r-devel-linux-x86_64-fedora-gcc