Last updated on 2020-01-20 01:50:27 CET.
Flavor | Version | Tinstall | Tcheck | Ttotal | Status | Flags |
---|---|---|---|---|---|---|
r-devel-linux-x86_64-debian-clang | 2.0.2 | 4.76 | 65.71 | 70.47 | OK | |
r-devel-linux-x86_64-debian-gcc | 2.0.2 | 3.83 | 50.28 | 54.11 | OK | |
r-devel-linux-x86_64-fedora-clang | 2.0.2 | 85.63 | OK | |||
r-devel-linux-x86_64-fedora-gcc | 2.0.2 | 87.86 | OK | |||
r-devel-windows-ix86+x86_64 | 2.0.2 | 25.00 | 107.00 | 132.00 | OK | |
r-devel-windows-ix86+x86_64-gcc8 | 2.0.2 | 15.00 | 114.00 | 129.00 | OK | |
r-patched-linux-x86_64 | 2.0.2 | 4.58 | 58.63 | 63.21 | OK | |
r-release-linux-x86_64 | 2.0.2 | 3.73 | 58.60 | 62.33 | OK | |
r-release-windows-ix86+x86_64 | 2.0.2 | 22.00 | 109.00 | 131.00 | OK | |
r-release-osx-x86_64 | 2.0.2 | NOTE | ||||
r-oldrel-windows-ix86+x86_64 | 2.0.2 | 7.00 | 70.00 | 77.00 | OK | |
r-oldrel-osx-x86_64 | 2.0.2 | OK |
Version: 2.0.2
Check: package dependencies
Result: NOTE
Package suggested but not available for checking: ‘ComplexHeatmap’
Flavor: r-release-osx-x86_64
Version: 2.0.2
Check: Rd cross-references
Result: NOTE
Package unavailable to check Rd xrefs: ‘ComplexHeatmap’
Flavor: r-release-osx-x86_64