Last updated on 2020-01-20 01:50:27 CET.
Flavor | Version | Tinstall | Tcheck | Ttotal | Status | Flags |
---|---|---|---|---|---|---|
r-devel-linux-x86_64-debian-clang | 0.5.0 | 61.64 | 32.92 | 94.56 | OK | |
r-devel-linux-x86_64-debian-gcc | 0.5.0 | 42.18 | 27.47 | 69.65 | OK | |
r-devel-linux-x86_64-fedora-clang | 0.5.0 | 129.68 | NOTE | |||
r-devel-linux-x86_64-fedora-gcc | 0.5.0 | 123.24 | OK | |||
r-devel-windows-ix86+x86_64 | 0.5.0 | 150.00 | 71.00 | 221.00 | OK | |
r-devel-windows-ix86+x86_64-gcc8 | 0.5.0 | 120.00 | 97.00 | 217.00 | OK | |
r-patched-linux-x86_64 | 0.5.0 | 48.43 | 30.52 | 78.95 | OK | |
r-patched-solaris-x86 | 0.5.0 | 123.40 | OK | |||
r-release-linux-x86_64 | 0.5.0 | 45.68 | 30.38 | 76.06 | OK | |
r-release-windows-ix86+x86_64 | 0.5.0 | 155.00 | 90.00 | 245.00 | OK | |
r-release-osx-x86_64 | 0.5.0 | NOTE | ||||
r-oldrel-windows-ix86+x86_64 | 0.5.0 | 99.00 | 65.00 | 164.00 | OK | |
r-oldrel-osx-x86_64 | 0.5.0 | NOTE |
Version: 0.5.0
Check: installed package size
Result: NOTE
installed size is 8.2Mb
sub-directories of 1Mb or more:
libs 8.0Mb
Flavors: r-devel-linux-x86_64-fedora-clang, r-release-osx-x86_64, r-oldrel-osx-x86_64