Last updated on 2020-01-20 01:50:27 CET.
Flavor | Version | Tinstall | Tcheck | Ttotal | Status | Flags |
---|---|---|---|---|---|---|
r-devel-linux-x86_64-debian-clang | 0.1.1 | 3.40 | 28.58 | 31.98 | NOTE | |
r-devel-linux-x86_64-debian-gcc | 0.1.1 | 2.26 | 22.68 | 24.94 | NOTE | |
r-devel-linux-x86_64-fedora-clang | 0.1.1 | 39.79 | NOTE | |||
r-devel-linux-x86_64-fedora-gcc | 0.1.1 | 38.36 | NOTE | |||
r-devel-windows-ix86+x86_64 | 0.1.1 | 12.00 | 41.00 | 53.00 | OK | |
r-devel-windows-ix86+x86_64-gcc8 | 0.1.1 | 6.00 | 64.00 | 70.00 | OK | |
r-patched-linux-x86_64 | 0.1.1 | 2.58 | 26.00 | 28.58 | OK | |
r-patched-solaris-x86 | 0.1.1 | 55.40 | NOTE | |||
r-release-linux-x86_64 | 0.1.1 | 2.50 | 26.33 | 28.83 | OK | |
r-release-windows-ix86+x86_64 | 0.1.1 | 8.00 | 40.00 | 48.00 | OK | |
r-release-osx-x86_64 | 0.1.1 | NOTE | ||||
r-oldrel-windows-ix86+x86_64 | 0.1.1 | 4.00 | 53.00 | 57.00 | OK | |
r-oldrel-osx-x86_64 | 0.1.1 | NOTE |
Version: 0.1.1
Check: for non-standard things in the check directory
Result: NOTE
Found the following files/directories:
'map.png' 'maze.html'
Flavors: r-devel-linux-x86_64-debian-clang, r-devel-linux-x86_64-debian-gcc, r-devel-linux-x86_64-fedora-clang, r-devel-linux-x86_64-fedora-gcc
Version: 0.1.1
Check: dependencies in R code
Result: NOTE
Namespaces in Imports field not imported from:
‘mgcv’ ‘stats’
All declared Imports should be used.
Flavors: r-devel-linux-x86_64-fedora-clang, r-devel-linux-x86_64-fedora-gcc, r-patched-solaris-x86, r-release-osx-x86_64, r-oldrel-osx-x86_64