Last updated on 2020-01-20 01:50:27 CET.
Flavor | Version | Tinstall | Tcheck | Ttotal | Status | Flags |
---|---|---|---|---|---|---|
r-devel-linux-x86_64-debian-clang | 0.7.0 | 10.40 | 109.12 | 119.52 | OK | |
r-devel-linux-x86_64-debian-gcc | 0.7.0 | 9.14 | 82.55 | 91.69 | OK | |
r-devel-linux-x86_64-fedora-clang | 0.7.0 | 145.53 | NOTE | |||
r-devel-linux-x86_64-fedora-gcc | 0.7.0 | 145.27 | NOTE | |||
r-devel-windows-ix86+x86_64 | 0.7.0 | 37.00 | 108.00 | 145.00 | OK | |
r-devel-windows-ix86+x86_64-gcc8 | 0.7.0 | 25.00 | 167.00 | 192.00 | OK | |
r-patched-linux-x86_64 | 0.7.0 | 8.95 | 93.75 | 102.70 | OK | |
r-patched-solaris-x86 | 0.7.0 | 190.80 | NOTE | |||
r-release-linux-x86_64 | 0.7.0 | 9.29 | 94.23 | 103.52 | OK | |
r-release-windows-ix86+x86_64 | 0.7.0 | 27.00 | 149.00 | 176.00 | OK | |
r-release-osx-x86_64 | 0.7.0 | NOTE | ||||
r-oldrel-windows-ix86+x86_64 | 0.7.0 | 13.00 | 98.00 | 111.00 | OK | |
r-oldrel-osx-x86_64 | 0.7.0 | NOTE |
Version: 0.7.0
Check: dependencies in R code
Result: NOTE
Namespace in Imports field not imported from: ‘stringi’
All declared Imports should be used.
Flavors: r-devel-linux-x86_64-fedora-clang, r-devel-linux-x86_64-fedora-gcc, r-patched-solaris-x86, r-release-osx-x86_64, r-oldrel-osx-x86_64
Version: 0.7.0
Check: data for non-ASCII characters
Result: NOTE
Note: found 4485 marked UTF-8 strings
Flavors: r-devel-linux-x86_64-fedora-clang, r-devel-linux-x86_64-fedora-gcc, r-patched-solaris-x86, r-release-osx-x86_64, r-oldrel-osx-x86_64