CRAN Package Check Results for Package nhdplusTools

Last updated on 2020-01-20 01:50:27 CET.

Flavor Version Tinstall Tcheck Ttotal Status Flags
r-devel-linux-x86_64-debian-clang 0.3.12 9.38 131.72 141.10 OK
r-devel-linux-x86_64-debian-gcc 0.3.12 7.75 96.83 104.58 OK
r-devel-linux-x86_64-fedora-clang 0.3.12 161.00 NOTE
r-devel-linux-x86_64-fedora-gcc 0.3.12 94.36 OK
r-devel-windows-ix86+x86_64 0.3.12 32.00 219.00 251.00 NOTE
r-devel-windows-ix86+x86_64-gcc8 0.3.12 25.00 206.00 231.00 NOTE
r-patched-linux-x86_64 0.3.12 8.06 116.30 124.36 ERROR
r-patched-solaris-x86 0.3.12 218.90 NOTE
r-release-linux-x86_64 0.3.12 7.19 115.26 122.45 OK
r-release-windows-ix86+x86_64 0.3.12 26.00 192.00 218.00 NOTE
r-release-osx-x86_64 0.3.12 NOTE
r-oldrel-windows-ix86+x86_64 0.3.12 12.00 143.00 155.00 NOTE
r-oldrel-osx-x86_64 0.3.12 NOTE

Check Details

Version: 0.3.12
Check: installed package size
Result: NOTE
     installed size is 6.1Mb
     sub-directories of 1Mb or more:
     extdata 5.5Mb
Flavors: r-devel-linux-x86_64-fedora-clang, r-devel-windows-ix86+x86_64, r-devel-windows-ix86+x86_64-gcc8, r-patched-solaris-x86, r-release-windows-ix86+x86_64, r-release-osx-x86_64, r-oldrel-windows-ix86+x86_64, r-oldrel-osx-x86_64

Version: 0.3.12
Check: tests
Result: ERROR
     Running ‘testthat.R’ [51s/116s]
    Running the tests in ‘tests/testthat.R’ failed.
    Complete output:
     > library("testthat")
     > library("nhdplusTools")
     USGS Support Package: https://owi.usgs.gov/R/packages.html#support
     > library("sf")
     Linking to GEOS 3.8.0, GDAL 2.4.3, PROJ 6.3.0
     > library("dplyr")
    
     Attaching package: 'dplyr'
    
     The following object is masked from 'package:testthat':
    
     matches
    
     The following objects are masked from 'package:stats':
    
     filter, lag
    
     The following objects are masked from 'package:base':
    
     intersect, setdiff, setequal, union
    
     >
     > test_check("nhdplusTools")
     ── 1. Failure: local data (@test_plot_nhdplus.R#106) ──────────────────────────
     `plot_nhdplus(outlets = outlet, nhdplus_data = "borked", gpkg = "borked")` threw an error with unexpected message.
     Expected match: "output_file must end in '.gpkg'"
     Actual message: "Cannot open \"Something bad happened. Contact us with Reference Number: 1762644079\"; Check connection parameters."
     Backtrace:
     1. testthat::expect_error(...)
     6. nhdplusTools::plot_nhdplus(...)
     7. nhdplusTools:::get_plot_data(...)
     9. base::lapply(outlets, get_outlet_from_nldi)
     10. nhdplusTools:::FUN(X[[i]], ...)
     16. nhdplusTools::get_nldi_feature(outlet)
     17. sf::read_sf(...)
     19. sf:::st_read.character(...)
     20. sf:::CPL_read_ogr(...)
    
     ══ testthat results ═══════════════════════════════════════════════════════════
     [ OK: 190 | SKIPPED: 20 | WARNINGS: 0 | FAILED: 1 ]
     1. Failure: local data (@test_plot_nhdplus.R#106)
    
     Error: testthat unit tests failed
     Execution halted
Flavor: r-patched-linux-x86_64