Last updated on 2020-01-20 01:50:27 CET.
Flavor | Version | Tinstall | Tcheck | Ttotal | Status | Flags |
---|---|---|---|---|---|---|
r-devel-linux-x86_64-debian-clang | 1.2 | 4.92 | 44.43 | 49.35 | NOTE | |
r-devel-linux-x86_64-debian-gcc | 1.2 | 4.53 | 34.03 | 38.56 | NOTE | |
r-devel-linux-x86_64-fedora-clang | 1.2 | 60.16 | OK | |||
r-devel-linux-x86_64-fedora-gcc | 1.2 | 61.76 | OK | |||
r-devel-windows-ix86+x86_64 | 1.2 | 17.00 | 79.00 | 96.00 | NOTE | |
r-devel-windows-ix86+x86_64-gcc8 | 1.2 | 15.00 | 86.00 | 101.00 | NOTE | |
r-patched-linux-x86_64 | 1.2 | 4.17 | 38.96 | 43.13 | OK | |
r-patched-solaris-x86 | 1.2 | 82.20 | OK | |||
r-release-linux-x86_64 | 1.2 | 4.07 | 38.79 | 42.86 | OK | |
r-release-windows-ix86+x86_64 | 1.2 | 22.00 | 76.00 | 98.00 | OK | |
r-release-osx-x86_64 | 1.2 | OK | ||||
r-oldrel-windows-ix86+x86_64 | 1.2 | 6.00 | 52.00 | 58.00 | OK | |
r-oldrel-osx-x86_64 | 1.2 | OK |
Version: 1.2
Check: package vignettes
Result: NOTE
Package vignette with placeholder title 'Vignette Title':
'nitrcbot.Rmd'
Flavors: r-devel-linux-x86_64-debian-clang, r-devel-linux-x86_64-debian-gcc, r-devel-windows-ix86+x86_64, r-devel-windows-ix86+x86_64-gcc8