CRAN Package Check Results for Package nloptr

Last updated on 2020-01-20 01:50:27 CET.

Flavor Version Tinstall Tcheck Ttotal Status Flags
r-devel-linux-x86_64-debian-clang 1.2.1 8.77 44.92 53.69 WARN
r-devel-linux-x86_64-debian-gcc 1.2.1 4.93 34.39 39.32 WARN
r-devel-linux-x86_64-fedora-clang 1.2.1 68.55 WARN
r-devel-linux-x86_64-fedora-gcc 1.2.1 62.10 WARN
r-devel-windows-ix86+x86_64 1.2.1 33.00 124.00 157.00 NOTE
r-devel-windows-ix86+x86_64-gcc8 1.2.1 17.00 136.00 153.00 NOTE
r-patched-linux-x86_64 1.2.1 5.95 41.52 47.47 NOTE
r-patched-solaris-x86 1.2.1 154.60 NOTE
r-release-linux-x86_64 1.2.1 6.04 41.42 47.46 NOTE
r-release-windows-ix86+x86_64 1.2.1 25.00 114.00 139.00 NOTE
r-release-osx-x86_64 1.2.1 WARN
r-oldrel-windows-ix86+x86_64 1.2.1 17.00 88.00 105.00 OK
r-oldrel-osx-x86_64 1.2.1 OK

Check Details

Version: 1.2.1
Check: whether package can be installed
Result: WARN
    Found the following significant warnings:
     'config' variable 'CPP' is deprecated
     'config' variable 'CXXCPP' is deprecated
Flavors: r-devel-linux-x86_64-debian-clang, r-devel-linux-x86_64-debian-gcc, r-devel-linux-x86_64-fedora-clang, r-devel-linux-x86_64-fedora-gcc

Version: 1.2.1
Check: line endings in C/C++/Fortran sources/headers
Result: NOTE
    Found the following sources/headers with CR or CRLF line endings:
     inst/include/nloptrAPI.h
    Some Unix compilers require LF line endings.
Flavors: r-devel-linux-x86_64-debian-clang, r-devel-linux-x86_64-debian-gcc, r-devel-linux-x86_64-fedora-clang, r-devel-linux-x86_64-fedora-gcc, r-devel-windows-ix86+x86_64, r-devel-windows-ix86+x86_64-gcc8, r-patched-linux-x86_64, r-patched-solaris-x86, r-release-linux-x86_64, r-release-windows-ix86+x86_64, r-release-osx-x86_64

Version: 1.2.1
Check: whether package can be installed
Result: WARN
    Found the following significant warnings:
     clang-7: warning: treating 'c' input as 'c++' when in C++ mode, this behavior is deprecated [-Wdeprecated]
Flavor: r-release-osx-x86_64