Last updated on 2020-01-20 01:50:28 CET.
Flavor | Version | Tinstall | Tcheck | Ttotal | Status | Flags |
---|---|---|---|---|---|---|
r-devel-linux-x86_64-debian-clang | 0.7-5 | 13.44 | 171.14 | 184.58 | OK | |
r-devel-linux-x86_64-debian-gcc | 0.7-5 | 12.05 | 127.70 | 139.75 | OK | |
r-devel-linux-x86_64-fedora-clang | 0.7-5 | 228.13 | NOTE | |||
r-devel-linux-x86_64-fedora-gcc | 0.7-5 | 226.02 | OK | |||
r-devel-windows-ix86+x86_64 | 0.7-5 | 61.00 | 270.00 | 331.00 | OK | |
r-devel-windows-ix86+x86_64-gcc8 | 0.7-5 | 36.00 | 278.00 | 314.00 | OK | |
r-patched-linux-x86_64 | 0.7-5 | 12.95 | 160.96 | 173.91 | OK | |
r-patched-solaris-x86 | 0.7-5 | 423.50 | OK | |||
r-release-linux-x86_64 | 0.7-5 | 11.36 | 161.80 | 173.16 | OK | |
r-release-windows-ix86+x86_64 | 0.7-5 | 50.00 | 183.00 | 233.00 | OK | |
r-release-osx-x86_64 | 0.7-5 | OK | ||||
r-oldrel-windows-ix86+x86_64 | 0.7-5 | 31.00 | 178.00 | 209.00 | OK | |
r-oldrel-osx-x86_64 | 0.7-5 | OK |
Version: 0.7-5
Check: package dependencies
Result: NOTE
Suggests orphaned package: ‘geoR’
Flavor: r-devel-linux-x86_64-fedora-clang