Last updated on 2020-01-20 01:50:28 CET.
Flavor | Version | Tinstall | Tcheck | Ttotal | Status | Flags |
---|---|---|---|---|---|---|
r-devel-linux-x86_64-debian-clang | 0.0.3 | 10.30 | 81.93 | 92.23 | OK | |
r-devel-linux-x86_64-debian-gcc | 0.0.3 | 7.97 | 63.13 | 71.10 | OK | |
r-devel-linux-x86_64-fedora-clang | 0.0.3 | 110.83 | NOTE | |||
r-devel-linux-x86_64-fedora-gcc | 0.0.3 | 109.89 | NOTE | |||
r-devel-windows-ix86+x86_64 | 0.0.3 | 32.00 | 141.00 | 173.00 | OK | |
r-devel-windows-ix86+x86_64-gcc8 | 0.0.3 | 25.00 | 149.00 | 174.00 | OK | |
r-patched-linux-x86_64 | 0.0.3 | 8.41 | 72.18 | 80.59 | OK | |
r-patched-solaris-x86 | 0.0.3 | 175.40 | NOTE | |||
r-release-linux-x86_64 | 0.0.3 | 8.23 | 71.94 | 80.17 | OK | |
r-release-windows-ix86+x86_64 | 0.0.3 | 32.00 | 93.00 | 125.00 | OK | |
r-release-osx-x86_64 | 0.0.3 | NOTE | ||||
r-oldrel-windows-ix86+x86_64 | 0.0.3 | 11.00 | 81.00 | 92.00 | OK | |
r-oldrel-osx-x86_64 | 0.0.3 | NOTE |
Version: 0.0.3
Check: dependencies in R code
Result: NOTE
Namespace in Imports field not imported from: ‘xgboost’
All declared Imports should be used.
Flavors: r-devel-linux-x86_64-fedora-clang, r-devel-linux-x86_64-fedora-gcc, r-patched-solaris-x86, r-release-osx-x86_64, r-oldrel-osx-x86_64