CRAN Package Check Results for Package openSTARS

Last updated on 2020-01-20 01:50:28 CET.

Flavor Version Tinstall Tcheck Ttotal Status Flags
r-devel-linux-x86_64-debian-clang 1.1.0 13.08 114.66 127.74 OK
r-devel-linux-x86_64-debian-gcc 1.1.0 12.84 88.54 101.38 OK
r-devel-linux-x86_64-fedora-clang 1.1.0 156.23 NOTE
r-devel-linux-x86_64-fedora-gcc 1.1.0 152.94 NOTE
r-devel-windows-ix86+x86_64 1.1.0 50.00 195.00 245.00 OK
r-devel-windows-ix86+x86_64-gcc8 1.1.0 36.00 208.00 244.00 OK
r-patched-linux-x86_64 1.1.0 13.11 100.20 113.31 OK
r-patched-solaris-x86 1.1.0 238.30 NOTE
r-release-linux-x86_64 1.1.0 12.98 102.36 115.34 OK
r-release-windows-ix86+x86_64 1.1.0 40.00 139.00 179.00 OK
r-release-osx-x86_64 1.1.0 NOTE
r-oldrel-windows-ix86+x86_64 1.1.0 19.00 113.00 132.00 OK
r-oldrel-osx-x86_64 1.1.0 NOTE

Check Details

Version: 1.1.0
Check: dependencies in R code
Result: NOTE
    Namespace in Imports field not imported from: ‘sf’
     All declared Imports should be used.
Flavors: r-devel-linux-x86_64-fedora-clang, r-devel-linux-x86_64-fedora-gcc, r-patched-solaris-x86, r-release-osx-x86_64, r-oldrel-osx-x86_64