CRAN Package Check Results for Package parma

Last updated on 2020-01-20 01:50:29 CET.

Flavor Version Tinstall Tcheck Ttotal Status Flags
r-devel-linux-x86_64-debian-clang 1.5-3 17.84 75.79 93.63 OK
r-devel-linux-x86_64-debian-gcc 1.5-3 14.69 57.57 72.26 OK
r-devel-linux-x86_64-fedora-clang 1.5-3 112.97 NOTE
r-devel-linux-x86_64-fedora-gcc 1.5-3 110.71 NOTE
r-devel-windows-ix86+x86_64 1.5-3 40.00 94.00 134.00 OK
r-devel-windows-ix86+x86_64-gcc8 1.5-3 32.00 94.00 126.00 OK
r-patched-linux-x86_64 1.5-3 15.09 68.42 83.51 OK
r-patched-solaris-x86 1.5-3 130.30 NOTE
r-release-linux-x86_64 1.5-3 16.01 70.32 86.33 OK
r-release-windows-ix86+x86_64 1.5-3 39.00 92.00 131.00 OK
r-release-osx-x86_64 1.5-3 NOTE
r-oldrel-windows-ix86+x86_64 1.5-3 20.00 119.00 139.00 OK
r-oldrel-osx-x86_64 1.5-3 NOTE

Check Details

Version: 1.5-3
Check: compiled code
Result: NOTE
    File ‘parma/libs/parma.so’:
     Found no calls to: ‘R_registerRoutines’, ‘R_useDynamicSymbols’
    
    It is good practice to register native routines and to disable symbol
    search.
    
    See ‘Writing portable packages’ in the ‘Writing R Extensions’ manual.
Flavors: r-devel-linux-x86_64-fedora-clang, r-devel-linux-x86_64-fedora-gcc

Version: 1.5-3
Check: package dependencies
Result: NOTE
    Package suggested but not available for checking: ‘Rsymphony’
Flavors: r-patched-solaris-x86, r-release-osx-x86_64, r-oldrel-osx-x86_64