Last updated on 2020-01-20 01:50:29 CET.
Flavor | Version | Tinstall | Tcheck | Ttotal | Status | Flags |
---|---|---|---|---|---|---|
r-devel-linux-x86_64-debian-clang | 0.2.2 | 51.59 | 102.55 | 154.14 | OK | |
r-devel-linux-x86_64-debian-gcc | 0.2.2 | 32.16 | 77.45 | 109.61 | OK | |
r-devel-linux-x86_64-fedora-clang | 0.2.2 | 193.08 | NOTE | |||
r-devel-linux-x86_64-fedora-gcc | 0.2.2 | 178.77 | NOTE | |||
r-devel-windows-ix86+x86_64 | 0.2.2 | 130.00 | 208.00 | 338.00 | OK | |
r-devel-windows-ix86+x86_64-gcc8 | 0.2.2 | 109.00 | 144.00 | 253.00 | OK | |
r-patched-linux-x86_64 | 0.2.2 | 38.09 | 89.05 | 127.14 | OK | |
r-patched-solaris-x86 | 0.2.2 | 214.70 | NOTE | |||
r-release-linux-x86_64 | 0.2.2 | 41.36 | 92.08 | 133.44 | OK | |
r-release-windows-ix86+x86_64 | 0.2.2 | 139.00 | 181.00 | 320.00 | OK | |
r-release-osx-x86_64 | 0.2.2 | NOTE | ||||
r-oldrel-windows-ix86+x86_64 | 0.2.2 | 79.00 | 129.00 | 208.00 | OK | |
r-oldrel-osx-x86_64 | 0.2.2 | NOTE |
Version: 0.2.2
Check: dependencies in R code
Result: NOTE
Namespace in Imports field not imported from: ‘dplyr’
All declared Imports should be used.
Flavors: r-devel-linux-x86_64-fedora-clang, r-devel-linux-x86_64-fedora-gcc, r-patched-solaris-x86, r-release-osx-x86_64, r-oldrel-osx-x86_64