Last updated on 2020-01-20 01:50:29 CET.
Flavor | Version | Tinstall | Tcheck | Ttotal | Status | Flags |
---|---|---|---|---|---|---|
r-devel-linux-x86_64-debian-clang | 0.1.0 | 2.47 | 25.54 | 28.01 | NOTE | |
r-devel-linux-x86_64-debian-gcc | 0.1.0 | 2.18 | 20.39 | 22.57 | NOTE | |
r-devel-linux-x86_64-fedora-clang | 0.1.0 | 35.80 | NOTE | |||
r-devel-linux-x86_64-fedora-gcc | 0.1.0 | 34.37 | NOTE | |||
r-devel-windows-ix86+x86_64 | 0.1.0 | 11.00 | 55.00 | 66.00 | NOTE | |
r-devel-windows-ix86+x86_64-gcc8 | 0.1.0 | 7.00 | 42.00 | 49.00 | NOTE | |
r-patched-linux-x86_64 | 0.1.0 | 2.38 | 23.29 | 25.67 | OK | |
r-patched-solaris-x86 | 0.1.0 | 48.60 | NOTE | |||
r-release-linux-x86_64 | 0.1.0 | 2.35 | 23.93 | 26.28 | OK | |
r-release-windows-ix86+x86_64 | 0.1.0 | 7.00 | 50.00 | 57.00 | OK | |
r-release-osx-x86_64 | 0.1.0 | NOTE | ||||
r-oldrel-windows-ix86+x86_64 | 0.1.0 | 3.00 | 34.00 | 37.00 | OK | |
r-oldrel-osx-x86_64 | 0.1.0 | NOTE |
Version: 0.1.0
Check: package vignettes
Result: NOTE
Package vignette with placeholder title 'Vignette Title':
'pathlibr.Rmd'
Flavors: r-devel-linux-x86_64-debian-clang, r-devel-linux-x86_64-debian-gcc, r-devel-windows-ix86+x86_64, r-devel-windows-ix86+x86_64-gcc8
Version: 0.1.0
Check: dependencies in R code
Result: NOTE
Namespaces in Imports field not imported from:
‘R6’ ‘glue’ ‘logging’ ‘purrr’
All declared Imports should be used.
Flavors: r-devel-linux-x86_64-fedora-clang, r-devel-linux-x86_64-fedora-gcc, r-patched-solaris-x86, r-release-osx-x86_64, r-oldrel-osx-x86_64