Last updated on 2020-01-20 01:50:29 CET.
Flavor | Version | Tinstall | Tcheck | Ttotal | Status | Flags |
---|---|---|---|---|---|---|
r-devel-linux-x86_64-debian-clang | 0.6.0 | 2.36 | 17.09 | 19.45 | OK | |
r-devel-linux-x86_64-debian-gcc | 0.6.0 | 2.00 | 13.57 | 15.57 | OK | |
r-devel-linux-x86_64-fedora-clang | 0.6.0 | 24.54 | NOTE | |||
r-devel-linux-x86_64-fedora-gcc | 0.6.0 | 23.31 | NOTE | |||
r-devel-windows-ix86+x86_64 | 0.6.0 | 13.00 | 44.00 | 57.00 | OK | |
r-devel-windows-ix86+x86_64-gcc8 | 0.6.0 | 8.00 | 43.00 | 51.00 | OK | |
r-patched-linux-x86_64 | 0.6.0 | 1.95 | 15.59 | 17.54 | OK | |
r-patched-solaris-x86 | 0.6.0 | 34.60 | OK | |||
r-release-linux-x86_64 | 0.6.0 | 1.91 | 15.90 | 17.81 | OK | |
r-release-windows-ix86+x86_64 | 0.6.0 | 8.00 | 50.00 | 58.00 | OK | |
r-release-osx-x86_64 | 0.6.0 | OK | ||||
r-oldrel-windows-ix86+x86_64 | 0.6.0 | 5.00 | 31.00 | 36.00 | OK | |
r-oldrel-osx-x86_64 | 0.6.0 | OK |
Version: 0.6.0
Check: compiled code
Result: NOTE
File ‘pbivnorm/libs/pbivnorm.so’:
Found no calls to: ‘R_registerRoutines’, ‘R_useDynamicSymbols’
It is good practice to register native routines and to disable symbol
search.
See ‘Writing portable packages’ in the ‘Writing R Extensions’ manual.
Flavors: r-devel-linux-x86_64-fedora-clang, r-devel-linux-x86_64-fedora-gcc