CRAN Package Check Results for Package photosynthesis

Last updated on 2020-01-20 01:50:29 CET.

Flavor Version Tinstall Tcheck Ttotal Status Flags
r-devel-linux-x86_64-debian-clang 1.0.0 4.50 125.17 129.67 NOTE
r-devel-linux-x86_64-debian-gcc 1.0.0 4.18 92.52 96.70 NOTE
r-devel-linux-x86_64-fedora-clang 1.0.0 146.74 NOTE
r-devel-linux-x86_64-fedora-gcc 1.0.0 156.52 NOTE
r-devel-windows-ix86+x86_64 1.0.0 19.00 160.00 179.00 NOTE
r-devel-windows-ix86+x86_64-gcc8 1.0.0 13.00 158.00 171.00 NOTE
r-patched-linux-x86_64 1.0.0 4.05 110.25 114.30 OK
r-patched-solaris-x86 1.0.0 193.30 NOTE
r-release-linux-x86_64 1.0.0 3.97 108.43 112.40 OK
r-release-windows-ix86+x86_64 1.0.0 13.00 141.00 154.00 OK
r-release-osx-x86_64 1.0.0 NOTE
r-oldrel-windows-ix86+x86_64 1.0.0 5.00 111.00 116.00 OK
r-oldrel-osx-x86_64 1.0.0 NOTE

Check Details

Version: 1.0.0
Check: package vignettes
Result: NOTE
    Package vignette with placeholder title 'Vignette Title':
     'photosynthesis-introduction.Rmd'
Flavors: r-devel-linux-x86_64-debian-clang, r-devel-linux-x86_64-debian-gcc, r-devel-windows-ix86+x86_64, r-devel-windows-ix86+x86_64-gcc8

Version: 1.0.0
Check: dependencies in R code
Result: NOTE
    Namespace in Imports field not imported from: ‘tidyr’
     All declared Imports should be used.
Flavors: r-devel-linux-x86_64-fedora-clang, r-devel-linux-x86_64-fedora-gcc, r-patched-solaris-x86, r-release-osx-x86_64, r-oldrel-osx-x86_64