CRAN Package Check Results for Package pirate

Last updated on 2020-01-20 01:50:29 CET.

Flavor Version Tinstall Tcheck Ttotal Status Flags
r-devel-linux-x86_64-debian-clang 1.0.0 32.81 41.64 74.45 OK
r-devel-linux-x86_64-debian-gcc 1.0.0 25.03 32.23 57.26 OK
r-devel-linux-x86_64-fedora-clang 1.0.0 101.12 NOTE
r-devel-linux-x86_64-fedora-gcc 1.0.0 95.15 NOTE
r-devel-windows-ix86+x86_64 1.0.0 94.00 115.00 209.00 OK
r-devel-windows-ix86+x86_64-gcc8 1.0.0 75.00 121.00 196.00 OK
r-patched-linux-x86_64 1.0.0 25.78 36.68 62.46 OK
r-patched-solaris-x86 1.0.0 102.60 OK
r-release-linux-x86_64 1.0.0 28.14 37.16 65.30 OK
r-release-windows-ix86+x86_64 1.0.0 96.00 78.00 174.00 OK
r-release-osx-x86_64 1.0.0 OK
r-oldrel-windows-ix86+x86_64 1.0.0 58.00 109.00 167.00 OK
r-oldrel-osx-x86_64 1.0.0 OK

Check Details

Version: 1.0.0
Check: compiled code
Result: NOTE
    File ‘pirate/libs/pirate.so’:
     Found no calls to: ‘R_registerRoutines’, ‘R_useDynamicSymbols’
    
    It is good practice to register native routines and to disable symbol
    search.
    
    See ‘Writing portable packages’ in the ‘Writing R Extensions’ manual.
Flavors: r-devel-linux-x86_64-fedora-clang, r-devel-linux-x86_64-fedora-gcc