CRAN Package Check Results for Package plethem

Last updated on 2020-01-20 01:50:29 CET.

Flavor Version Tinstall Tcheck Ttotal Status Flags
r-devel-linux-x86_64-debian-clang 0.1.7 19.27 124.38 143.65 NOTE
r-devel-linux-x86_64-debian-gcc 0.1.7 15.46 95.37 110.83 NOTE
r-devel-linux-x86_64-fedora-clang 0.1.7 173.81 NOTE
r-devel-linux-x86_64-fedora-gcc 0.1.7 177.22 NOTE
r-devel-windows-ix86+x86_64 0.1.7 70.00 230.00 300.00 WARN
r-devel-windows-ix86+x86_64-gcc8 0.1.7 46.00 235.00 281.00 WARN
r-patched-linux-x86_64 0.1.7 17.28 108.45 125.73 OK
r-patched-solaris-x86 0.1.7 222.00 NOTE
r-release-linux-x86_64 0.1.7 15.49 109.13 124.62 OK
r-release-windows-ix86+x86_64 0.1.7 55.00 233.00 288.00 OK
r-release-osx-x86_64 0.1.7 NOTE
r-oldrel-windows-ix86+x86_64 0.1.7 30.00 149.00 179.00 OK
r-oldrel-osx-x86_64 0.1.7 NOTE

Check Details

Version: 0.1.7
Check: package vignettes
Result: NOTE
    Package vignette with placeholder title 'Vignette Title':
     'getting_started.Rmd'
Flavors: r-devel-linux-x86_64-debian-clang, r-devel-linux-x86_64-debian-gcc, r-devel-windows-ix86+x86_64, r-devel-windows-ix86+x86_64-gcc8

Version: 0.1.7
Check: dependencies in R code
Result: NOTE
    Namespaces in Imports field not imported from:
     ‘V8’ ‘devtools’ ‘formatR’ ‘gdata’ ‘rhandsontable’ ‘shinythemes’
     ‘sqldf’
     All declared Imports should be used.
Flavors: r-devel-linux-x86_64-fedora-clang, r-devel-linux-x86_64-fedora-gcc, r-patched-solaris-x86, r-release-osx-x86_64, r-oldrel-osx-x86_64

Version: 0.1.7
Check: R files for syntax errors
Result: WARN
    Warnings in file 'R/HT_IVIVE_InputModule.R':
     unable to translate ' <U+03BC>m' to native encoding
     unable to translate '<U+03BC>mol/min/mg Protein' to native encoding
     unable to translate '<U+03BC>L/min/mg Protein' to native encoding
     unable to translate '<U+03BC>L/h/mg Protein' to native encoding
     unable to translate '<U+03BC>L/min/mg Protein' to native encoding
     unable to translate '<U+03BC>L/h/mg Protein' to native encoding
     unable to translate '<U+03BC>L/min/mg Protein' to native encoding
     unable to translate '<U+03BC>L/h/mg Protein' to native encoding
    
    Warnings in file 'R/IVIVEGadget.R':
     unable to translate '<U+03BC>L/min/mg Protein' to native encoding
     unable to translate '<U+03BC>L/h/mg Protein' to native encoding
     unable to translate '<U+03BC>mol/min/mg Protein' to native encoding
     unable to translate '<U+03BC>L/min/mg Protein' to native encoding
     unable to translate '<U+03BC>L/h/mg Protein' to native encoding
     unable to translate '<U+03BC>L/min/mg Protein' to native encoding
     unable to translate '<U+03BC>L/h/mg Protein' to native encoding
    
    Warnings in file 'R/performIVIVEModule.R':
     unable to translate '<U+03BC>mol/min/10^6 hepatocytes' to native encoding
     unable to translate '<U+03BC>mol/min/mg Protein' to native encoding
     unable to translate '<U+03BC>L/min/mg Protein' to native encoding
     unable to translate '<U+03BC>L/h/mg Protein' to native encoding
     unable to translate '<U+03BC>L/min/mg Protein' to native encoding
     unable to translate '<U+03BC>L/h/mg Protein' to native encoding
     unable to translate '<U+03BC>L/min/mg Protein' to native encoding
     unable to translate '<U+03BC>L/h/mg Protein' to native encoding
Flavors: r-devel-windows-ix86+x86_64, r-devel-windows-ix86+x86_64-gcc8