Last updated on 2020-01-20 01:50:31 CET.
Flavor | Version | Tinstall | Tcheck | Ttotal | Status | Flags |
---|---|---|---|---|---|---|
r-devel-linux-x86_64-debian-clang | 0.1.0 | 2.43 | 42.11 | 44.54 | OK | |
r-devel-linux-x86_64-debian-gcc | 0.1.0 | 2.08 | 32.94 | 35.02 | OK | |
r-devel-linux-x86_64-fedora-clang | 0.1.0 | 53.11 | NOTE | |||
r-devel-linux-x86_64-fedora-gcc | 0.1.0 | 52.21 | NOTE | |||
r-devel-windows-ix86+x86_64 | 0.1.0 | 15.00 | 97.00 | 112.00 | OK | |
r-devel-windows-ix86+x86_64-gcc8 | 0.1.0 | 10.00 | 96.00 | 106.00 | OK | |
r-patched-linux-x86_64 | 0.1.0 | 1.89 | 38.71 | 40.60 | OK | |
r-patched-solaris-x86 | 0.1.0 | 73.50 | NOTE | |||
r-release-linux-x86_64 | 0.1.0 | 2.02 | 37.94 | 39.96 | OK | |
r-release-windows-ix86+x86_64 | 0.1.0 | 10.00 | 78.00 | 88.00 | OK | |
r-release-osx-x86_64 | 0.1.0 | NOTE | ||||
r-oldrel-windows-ix86+x86_64 | 0.1.0 | 4.00 | 60.00 | 64.00 | OK | |
r-oldrel-osx-x86_64 | 0.1.0 | NOTE |
Version: 0.1.0
Check: dependencies in R code
Result: NOTE
Namespaces in Imports field not imported from:
‘ggplot2’ ‘ggthemes’ ‘memoise’
All declared Imports should be used.
Flavors: r-devel-linux-x86_64-fedora-clang, r-devel-linux-x86_64-fedora-gcc, r-patched-solaris-x86, r-release-osx-x86_64, r-oldrel-osx-x86_64