Last updated on 2020-01-20 01:50:31 CET.
Flavor | Version | Tinstall | Tcheck | Ttotal | Status | Flags |
---|---|---|---|---|---|---|
r-devel-linux-x86_64-debian-clang | 0.1.3.3 | 13.44 | 132.74 | 146.18 | OK | |
r-devel-linux-x86_64-debian-gcc | 0.1.3.3 | 11.71 | 99.04 | 110.75 | OK | |
r-devel-linux-x86_64-fedora-clang | 0.1.3.3 | 173.78 | NOTE | |||
r-devel-linux-x86_64-fedora-gcc | 0.1.3.3 | 167.71 | NOTE | |||
r-devel-windows-ix86+x86_64 | 0.1.3.3 | 62.00 | 204.00 | 266.00 | OK | |
r-devel-windows-ix86+x86_64-gcc8 | 0.1.3.3 | 43.00 | 192.00 | 235.00 | OK | |
r-patched-linux-x86_64 | 0.1.3.3 | 11.43 | 116.32 | 127.75 | OK | |
r-patched-solaris-x86 | 0.1.3.3 | 216.50 | WARN | |||
r-release-linux-x86_64 | 0.1.3.3 | 13.03 | 115.39 | 128.42 | OK | |
r-release-windows-ix86+x86_64 | 0.1.3.3 | 48.00 | 140.00 | 188.00 | OK | |
r-release-osx-x86_64 | 0.1.3.3 | WARN | ||||
r-oldrel-windows-ix86+x86_64 | 0.1.3.3 | 20.00 | 127.00 | 147.00 | OK | |
r-oldrel-osx-x86_64 | 0.1.3.3 | WARN |
Version: 0.1.3.3
Check: dependencies in R code
Result: NOTE
Namespaces in Imports field not imported from:
‘TH.data’ ‘moonBook’
All declared Imports should be used.
Flavors: r-devel-linux-x86_64-fedora-clang, r-devel-linux-x86_64-fedora-gcc, r-patched-solaris-x86
Version: 0.1.3.3
Check: re-building of vignette outputs
Result: WARN
Error(s) in re-building vignettes:
...
--- re-building ‘predict3d.Rmd’ using rmarkdown
Warning in engine$weave(file, quiet = quiet, encoding = enc) :
Pandoc (>= 1.12.3) and/or pandoc-citeproc not available. Falling back to R Markdown v1.
Loading required package: predict3d
Loading required package: rgl
Quitting from lines 55-58 (predict3d.Rmd)
Error: processing vignette 'predict3d.Rmd' failed with diagnostics:
cannot open the connection
--- failed re-building ‘predict3d.Rmd’
SUMMARY: processing the following file failed:
‘predict3d.Rmd’
Error: Vignette re-building failed.
Execution halted
Flavor: r-patched-solaris-x86
Version: 0.1.3.3
Check: whether package can be installed
Result: WARN
Found the following significant warnings:
Warning: 'rgl_init' failed, running with rgl.useNULL = TRUE
Flavors: r-release-osx-x86_64, r-oldrel-osx-x86_64
Version: 0.1.3.3
Check: dependencies in R code
Result: NOTE
No protocol specified
Namespaces in Imports field not imported from:
‘TH.data’ ‘moonBook’
All declared Imports should be used.
Flavors: r-release-osx-x86_64, r-oldrel-osx-x86_64
Version: 0.1.3.3
Check: S3 generic/method consistency
Result: WARN
No protocol specified
See section ‘Generic functions and methods’ in the ‘Writing R
Extensions’ manual.
Flavors: r-release-osx-x86_64, r-oldrel-osx-x86_64
Version: 0.1.3.3
Check: replacement functions
Result: WARN
No protocol specified
The argument of a replacement function which corresponds to the right
hand side must be named ‘value’.
Flavors: r-release-osx-x86_64, r-oldrel-osx-x86_64
Version: 0.1.3.3
Check: foreign function calls
Result: NOTE
No protocol specified
See chapter ‘System and foreign language interfaces’ in the ‘Writing R
Extensions’ manual.
Flavors: r-release-osx-x86_64, r-oldrel-osx-x86_64
Version: 0.1.3.3
Check: R code for possible problems
Result: NOTE
No protocol specified
Flavors: r-release-osx-x86_64, r-oldrel-osx-x86_64
Version: 0.1.3.3
Check: for missing documentation entries
Result: WARN
No protocol specified
All user-level objects in a package should have documentation entries.
See chapter ‘Writing R documentation files’ in the ‘Writing R
Extensions’ manual.
Flavors: r-release-osx-x86_64, r-oldrel-osx-x86_64
Version: 0.1.3.3
Check: for code/documentation mismatches
Result: WARN
No protocol specified
No protocol specified
No protocol specified
Flavors: r-release-osx-x86_64, r-oldrel-osx-x86_64
Version: 0.1.3.3
Check: Rd \usage sections
Result: NOTE
No protocol specified
The \usage entries for S3 methods should use the \method markup and not
their full name.
See chapter ‘Writing R documentation files’ in the ‘Writing R
Extensions’ manual.
Flavors: r-release-osx-x86_64, r-oldrel-osx-x86_64
Version: 0.1.3.3
Check: re-building of vignette outputs
Result: WARN
Error(s) in re-building vignettes:
...
--- re-building ‘predict3d.Rmd’ using rmarkdown
Warning in engine$weave(file, quiet = quiet, encoding = enc) :
Pandoc (>= 1.12.3) and/or pandoc-citeproc not available. Falling back to R Markdown v1.
Loading required package: predict3d
No protocol specified
Loading required package: rgl
Quitting from lines 55-58 (predict3d.Rmd)
Error: processing vignette 'predict3d.Rmd' failed with diagnostics:
cannot open the connection
--- failed re-building ‘predict3d.Rmd’
SUMMARY: processing the following file failed:
‘predict3d.Rmd’
Error: Vignette re-building failed.
Execution halted
Flavor: r-release-osx-x86_64
Version: 0.1.3.3
Check: re-building of vignette outputs
Result: WARN
Error in re-building vignettes:
...
Warning in engine$weave(file, quiet = quiet, encoding = enc) :
Pandoc (>= 1.12.3) and/or pandoc-citeproc not available. Falling back to R Markdown v1.
Loading required package: predict3d
No protocol specified
Loading required package: rgl
Quitting from lines 55-58 (predict3d.Rmd)
Error: processing vignette 'predict3d.Rmd' failed with diagnostics:
cannot open the connection
Execution halted
Flavor: r-oldrel-osx-x86_64