CRAN Package Check Results for Package processx

Last updated on 2020-01-20 01:50:31 CET.

Flavor Version Tinstall Tcheck Ttotal Status Flags
r-devel-linux-x86_64-debian-clang 3.4.1 9.41 47.84 57.25 OK
r-devel-linux-x86_64-debian-gcc 3.4.1 7.12 38.21 45.33 OK
r-devel-linux-x86_64-fedora-clang 3.4.1 69.35 OK
r-devel-linux-x86_64-fedora-gcc 3.4.1 66.55 OK
r-devel-windows-ix86+x86_64 3.4.1 89.00 115.00 204.00 OK
r-devel-windows-ix86+x86_64-gcc8 3.4.1 61.00 137.00 198.00 OK
r-patched-linux-x86_64 3.4.1 7.11 44.08 51.19 OK
r-patched-solaris-x86 3.4.1 90.40 WARN
r-release-linux-x86_64 3.4.1 6.60 44.43 51.03 OK
r-release-windows-ix86+x86_64 3.4.1 88.00 110.00 198.00 OK
r-release-osx-x86_64 3.4.1 OK
r-oldrel-windows-ix86+x86_64 3.4.1 48.00 144.00 192.00 OK
r-oldrel-osx-x86_64 3.4.1 OK

Check Details

Version: 3.4.1
Check: for unstated dependencies in ‘tests’
Result: WARN
    Warning in deparse(e[[2L]]) :
     it is not known that wchar_t is Unicode on this platform
    Warning in deparse(e[[2L]]) :
     it is not known that wchar_t is Unicode on this platform
    Warning in deparse(e[[2L]]) :
     it is not known that wchar_t is Unicode on this platform
    Warning in deparse(e[[2L]]) :
     it is not known that wchar_t is Unicode on this platform
Flavor: r-patched-solaris-x86